Last updated on 2025-10-25 01:51:14 CEST.
| Flavor | Version | Tinstall | Tcheck | Ttotal | Status | Flags |
|---|---|---|---|---|---|---|
| r-devel-linux-x86_64-debian-clang | 0.5-1 | 1.83 | 29.32 | 31.15 | NOTE | |
| r-devel-linux-x86_64-debian-gcc | 0.5-1 | 1.67 | 23.99 | 25.66 | NOTE | |
| r-devel-linux-x86_64-fedora-clang | 0.5-1 | 44.86 | OK | |||
| r-devel-linux-x86_64-fedora-gcc | 0.5-1 | 56.32 | OK | |||
| r-devel-windows-x86_64 | 0.5-1 | 4.00 | 63.00 | 67.00 | OK | |
| r-patched-linux-x86_64 | 0.5-1 | 1.61 | 28.16 | 29.77 | OK | |
| r-release-linux-x86_64 | 0.5-1 | 2.00 | 28.12 | 30.12 | OK | |
| r-release-macos-arm64 | 0.5-1 | 1.00 | 28.00 | 29.00 | OK | |
| r-release-macos-x86_64 | 0.5-1 | 2.00 | 46.00 | 48.00 | OK | |
| r-release-windows-x86_64 | 0.5-1 | 3.00 | 68.00 | 71.00 | OK | |
| r-oldrel-macos-arm64 | 0.5-1 | 1.00 | 28.00 | 29.00 | OK | |
| r-oldrel-macos-x86_64 | 0.5-1 | 2.00 | 35.00 | 37.00 | OK | |
| r-oldrel-windows-x86_64 | 0.5-1 | 3.00 | 62.00 | 65.00 | OK |
Version: 0.5-1
Check: CRAN incoming feasibility
Result: NOTE
Maintainer: ‘David Meyer <David.Meyer@R-project.org>’
No Authors@R field in DESCRIPTION.
Please add one, modifying
Authors@R: person(given = "David",
family = "Meyer",
role = c("aut", "cre"),
email = "david.meyer@r-project.org")
as necessary.
Flavors: r-devel-linux-x86_64-debian-clang, r-devel-linux-x86_64-debian-gcc