Last updated on 2024-05-21 02:02:16 CEST.
Flavor | Version | Tinstall | Tcheck | Ttotal | Status | Flags |
---|---|---|---|---|---|---|
r-devel-linux-x86_64-debian-clang | 2.1.0 | 63.09 | 89.09 | 152.18 | NOTE | |
r-devel-linux-x86_64-debian-gcc | 2.1.0 | 48.43 | 72.72 | 121.15 | NOTE | |
r-devel-linux-x86_64-fedora-clang | 2.1.0 | 206.11 | NOTE | |||
r-devel-linux-x86_64-fedora-gcc | 2.1.0 | 227.34 | NOTE | |||
r-devel-windows-x86_64 | 2.1.0 | 49.00 | 114.00 | 163.00 | NOTE | |
r-patched-linux-x86_64 | 2.1.0 | 66.03 | 94.07 | 160.10 | NOTE | |
r-release-linux-x86_64 | 2.1.0 | 64.09 | 91.33 | 155.42 | NOTE | |
r-release-macos-arm64 | 2.1.0 | 74.00 | NOTE | |||
r-release-windows-x86_64 | 2.1.0 | 49.00 | 111.00 | 160.00 | NOTE | |
r-oldrel-macos-arm64 | 2.1.0 | 85.00 | NOTE | |||
r-oldrel-macos-x86_64 | 2.1.0 | 98.00 | NOTE | |||
r-oldrel-windows-x86_64 | 2.1.0 | 59.00 | 132.00 | 191.00 | NOTE |
Version: 2.1.0
Check: C++ specification
Result: NOTE
Specified C++11: please drop specification unless essential
Flavors: r-devel-linux-x86_64-debian-clang, r-devel-linux-x86_64-debian-gcc, r-devel-linux-x86_64-fedora-clang, r-devel-linux-x86_64-fedora-gcc, r-devel-windows-x86_64, r-patched-linux-x86_64, r-release-linux-x86_64, r-release-macos-arm64, r-release-windows-x86_64, r-oldrel-macos-arm64, r-oldrel-macos-x86_64, r-oldrel-windows-x86_64