Last updated on 2025-05-02 02:51:05 CEST.
Flavor | Version | Tinstall | Tcheck | Ttotal | Status | Flags |
---|---|---|---|---|---|---|
r-devel-linux-x86_64-debian-clang | 0.6-15 | 9.46 | 73.06 | 82.52 | NOTE | |
r-devel-linux-x86_64-debian-gcc | 0.6-15 | 5.88 | 52.04 | 57.92 | OK | |
r-devel-linux-x86_64-fedora-clang | 0.6-15 | 140.83 | OK | |||
r-devel-linux-x86_64-fedora-gcc | 0.6-15 | 136.36 | OK | |||
r-devel-windows-x86_64 | 0.6-15 | 10.00 | 124.00 | 134.00 | OK | |
r-patched-linux-x86_64 | 0.6-15 | 10.51 | 69.80 | 80.31 | OK | |
r-release-linux-x86_64 | OK | |||||
r-release-macos-arm64 | 0.6-15 | 45.00 | OK | |||
r-release-macos-x86_64 | 0.6-15 | 114.00 | OK | |||
r-release-windows-x86_64 | 0.6-15 | 11.00 | 124.00 | 135.00 | OK | |
r-oldrel-macos-arm64 | 0.6-15 | 76.00 | NOTE | |||
r-oldrel-macos-x86_64 | 0.6-15 | 142.00 | NOTE | |||
r-oldrel-windows-x86_64 | 0.6-15 | 14.00 | 120.00 | 134.00 | NOTE |
Version: 0.6-15
Check: examples
Result: NOTE
Examples with CPU (user + system) or elapsed time > 5s
user system elapsed
consensus 7.24 0.274 9.253
Flavor: r-devel-linux-x86_64-debian-clang
Version: 0.6-15
Check: package dependencies
Result: NOTE
Package which this enhances but not available for checking: ‘Rcplex’
Flavors: r-oldrel-macos-arm64, r-oldrel-macos-x86_64, r-oldrel-windows-x86_64