Last updated on 2025-02-10 02:50:02 CET.
Flavor | Version | Tinstall | Tcheck | Ttotal | Status | Flags |
---|---|---|---|---|---|---|
r-devel-linux-x86_64-debian-clang | 3.2.8 | 39.47 | 59.24 | 98.71 | OK | |
r-devel-linux-x86_64-debian-gcc | 3.2.8 | 27.60 | 48.27 | 75.87 | OK | |
r-devel-linux-x86_64-fedora-clang | 3.2.8 | 175.55 | OK | |||
r-devel-linux-x86_64-fedora-gcc | 3.2.8 | 189.94 | OK | |||
r-devel-windows-x86_64 | 3.2.8 | 37.00 | 120.00 | 157.00 | OK | |
r-patched-linux-x86_64 | 3.2.8 | 40.28 | 55.82 | 96.10 | OK | |
r-release-linux-x86_64 | 3.2.8 | 40.71 | 56.42 | 97.13 | OK | |
r-release-macos-arm64 | 3.2.8 | 72.00 | NOTE | |||
r-release-macos-x86_64 | 3.2.8 | 113.00 | NOTE | |||
r-release-windows-x86_64 | 3.2.8 | 38.00 | 124.00 | 162.00 | NOTE | |
r-oldrel-macos-arm64 | 3.2.6 | 64.00 | NOTE | |||
r-oldrel-macos-x86_64 | 3.2.6 | 140.00 | NOTE | |||
r-oldrel-windows-x86_64 | 3.2.8 | 44.00 | 143.00 | 187.00 | NOTE |
Version: 3.2.8
Check: installed package size
Result: NOTE
installed size is 8.3Mb
sub-directories of 1Mb or more:
doc 3.5Mb
libs 4.0Mb
Flavors: r-release-macos-arm64, r-release-macos-x86_64, r-release-windows-x86_64, r-oldrel-windows-x86_64
Version: 3.2.6
Check: installed package size
Result: NOTE
installed size is 8.0Mb
sub-directories of 1Mb or more:
doc 3.4Mb
libs 3.8Mb
Flavors: r-oldrel-macos-arm64, r-oldrel-macos-x86_64