CRAN Package Check Results for Package renz

Last updated on 2025-10-26 01:49:59 CEST.

Flavor Version Tinstall Tcheck Ttotal Status Flags
r-devel-linux-x86_64-debian-clang 0.2.1 3.92 55.06 58.98 NOTE
r-devel-linux-x86_64-debian-gcc 0.2.1 3.04 43.26 46.30 NOTE
r-devel-linux-x86_64-fedora-clang 0.2.1 88.18 OK
r-devel-linux-x86_64-fedora-gcc 0.2.1 102.43 OK
r-devel-windows-x86_64 0.2.1 4.00 77.00 81.00 OK
r-patched-linux-x86_64 0.2.1 3.24 52.86 56.10 OK
r-release-linux-x86_64 0.2.1 3.47 53.70 57.17 OK
r-release-macos-arm64 0.2.1 1.00 32.00 33.00 OK
r-release-macos-x86_64 0.2.1 2.00 59.00 61.00 OK
r-release-windows-x86_64 0.2.1 6.00 73.00 79.00 OK
r-oldrel-macos-arm64 0.2.1 1.00 33.00 34.00 OK
r-oldrel-macos-x86_64 0.2.1 3.00 52.00 55.00 OK
r-oldrel-windows-x86_64 0.2.1 8.00 89.00 97.00 OK

Check Details

Version: 0.2.1
Check: CRAN incoming feasibility
Result: NOTE Maintainer: ‘Juan Carlos Aledo <caledo@uma.es>’ No Authors@R field in DESCRIPTION. Please add one, modifying Authors@R: person(given = c("Juan", "Carlos"), family = "Aledo", role = c("aut", "cre"), email = "caledo@uma.es") as necessary. Flavors: r-devel-linux-x86_64-debian-clang, r-devel-linux-x86_64-debian-gcc