Last updated on 2025-02-17 01:50:36 CET.
Flavor | Version | Tinstall | Tcheck | Ttotal | Status | Flags |
---|---|---|---|---|---|---|
r-devel-linux-x86_64-debian-clang | 0.9 | 1.82 | 25.05 | 26.87 | NOTE | |
r-devel-linux-x86_64-debian-gcc | 0.9 | 2.38 | 20.10 | 22.48 | NOTE | |
r-devel-linux-x86_64-fedora-clang | 0.9 | 45.39 | OK | |||
r-devel-linux-x86_64-fedora-gcc | 0.9 | 42.07 | OK | |||
r-devel-macos-arm64 | 0.9 | 21.00 | OK | |||
r-devel-macos-x86_64 | 0.9 | 33.00 | OK | |||
r-devel-windows-x86_64 | 0.9 | 5.00 | 48.00 | 53.00 | NOTE | |
r-patched-linux-x86_64 | 0.9 | 7.37 | 24.02 | 31.39 | OK | |
r-release-linux-x86_64 | 0.9 | 2.83 | 24.34 | 27.17 | OK | |
r-release-macos-arm64 | 0.9 | 18.00 | OK | |||
r-release-macos-x86_64 | 0.9 | 28.00 | OK | |||
r-release-windows-x86_64 | 0.9 | 6.00 | 47.00 | 53.00 | OK | |
r-oldrel-macos-arm64 | 0.9 | 18.00 | OK | |||
r-oldrel-macos-x86_64 | 0.9 | 24.00 | OK | |||
r-oldrel-windows-x86_64 | 0.9 | 6.00 | 47.00 | 53.00 | OK |
Version: 0.9
Check: Rd cross-references
Result: NOTE
Found the following Rd file(s) with Rd \link{} targets missing package
anchors:
revealjs_presentation.Rd: includes, render
Please provide package anchors for all Rd \link{} targets not in the
package itself and the base packages.
Flavors: r-devel-linux-x86_64-debian-clang, r-devel-linux-x86_64-debian-gcc, r-devel-windows-x86_64