Last updated on 2025-05-01 01:49:44 CEST.
Flavor | Version | Tinstall | Tcheck | Ttotal | Status | Flags |
---|---|---|---|---|---|---|
r-devel-linux-x86_64-debian-clang | 1.0.4 | 7.29 | 63.65 | 70.94 | NOTE | |
r-devel-linux-x86_64-debian-gcc | 1.0.4 | 4.37 | 44.63 | 49.00 | NOTE | |
r-devel-linux-x86_64-fedora-clang | 1.0.4 | 115.74 | NOTE | |||
r-devel-linux-x86_64-fedora-gcc | 1.0.4 | 118.55 | NOTE | |||
r-devel-windows-x86_64 | 1.0.4 | 9.00 | 101.00 | 110.00 | NOTE | |
r-patched-linux-x86_64 | 1.0.4 | 7.66 | 59.60 | 67.26 | NOTE | |
r-release-linux-x86_64 | 1.0.4 | 6.71 | 59.04 | 65.75 | NOTE | |
r-release-macos-arm64 | 1.0.4 | 41.00 | NOTE | |||
r-release-macos-x86_64 | 1.0.4 | 79.00 | NOTE | |||
r-release-windows-x86_64 | 1.0.4 | 9.00 | 108.00 | 117.00 | NOTE | |
r-oldrel-macos-arm64 | 1.0.4 | 38.00 | NOTE | |||
r-oldrel-macos-x86_64 | 1.0.4 | 61.00 | NOTE | |||
r-oldrel-windows-x86_64 | 1.0.4 | 11.00 | 105.00 | 116.00 | NOTE |
Version: 1.0.4
Check: Rd files
Result: NOTE
checkRd: (-1) rec.Rd:23: Escaped LaTeX specials: \$
Flavors: r-devel-linux-x86_64-debian-clang, r-devel-linux-x86_64-debian-gcc, r-devel-linux-x86_64-fedora-clang, r-devel-linux-x86_64-fedora-gcc, r-devel-windows-x86_64, r-patched-linux-x86_64, r-release-linux-x86_64, r-release-macos-arm64, r-release-macos-x86_64, r-release-windows-x86_64, r-oldrel-macos-arm64, r-oldrel-macos-x86_64, r-oldrel-windows-x86_64
Version: 1.0.4
Check: examples
Result: NOTE
Examples with CPU (user + system) or elapsed time > 5s
user system elapsed
rec 5.263 0.091 7.064
Flavor: r-devel-linux-x86_64-debian-clang