CRAN Package Check Results for Package rgsp

Last updated on 2025-02-20 01:50:45 CET.

Flavor Version Tinstall Tcheck Ttotal Status Flags
r-devel-linux-x86_64-debian-clang 0.2.0 4.07 32.98 37.05 OK
r-devel-linux-x86_64-debian-gcc 0.2.0 2.78 24.09 26.87 OK
r-devel-linux-x86_64-fedora-clang 0.2.0 57.62 OK
r-devel-linux-x86_64-fedora-gcc 0.2.0 55.14 OK
r-devel-macos-arm64 0.2.0 21.00 OK
r-devel-macos-x86_64 0.2.0 36.00 OK
r-devel-windows-x86_64 0.2.0 5.00 64.00 69.00 OK
r-patched-linux-x86_64 0.2.0 4.08 30.41 34.49 NOTE
r-release-linux-x86_64 0.2.0 3.90 30.23 34.13 NOTE
r-release-macos-arm64 0.2.0 21.00 NOTE
r-release-macos-x86_64 0.2.0 31.00 NOTE
r-release-windows-x86_64 0.2.0 5.00 51.00 56.00 NOTE
r-oldrel-macos-arm64 0.2.0 20.00 NOTE
r-oldrel-macos-x86_64 0.2.0 31.00 NOTE
r-oldrel-windows-x86_64 0.2.0 7.00 54.00 61.00 NOTE

Check Details

Version: 0.2.0
Check: LazyData
Result: NOTE 'LazyData' is specified without a 'data' directory Flavors: r-patched-linux-x86_64, r-release-linux-x86_64, r-release-macos-arm64, r-release-macos-x86_64, r-release-windows-x86_64, r-oldrel-macos-arm64, r-oldrel-macos-x86_64, r-oldrel-windows-x86_64