Last updated on 2025-10-24 01:50:38 CEST.
| Flavor | Version | Tinstall | Tcheck | Ttotal | Status | Flags |
|---|---|---|---|---|---|---|
| r-devel-linux-x86_64-debian-clang | 0.4.1 | 2.17 | 216.95 | 219.12 | NOTE | |
| r-devel-linux-x86_64-debian-gcc | 0.4.1 | 1.90 | 114.60 | 116.50 | ERROR | |
| r-devel-linux-x86_64-fedora-clang | 0.4.1 | 328.37 | OK | |||
| r-devel-linux-x86_64-fedora-gcc | 0.4.1 | 11.00 | 340.33 | 351.33 | OK | |
| r-devel-windows-x86_64 | 0.4.1 | 6.00 | 330.00 | 336.00 | OK | |
| r-patched-linux-x86_64 | 0.4.1 | 2.84 | 209.59 | 212.43 | OK | |
| r-release-linux-x86_64 | 0.4.1 | 2.21 | 212.37 | 214.58 | OK | |
| r-release-macos-arm64 | 0.4.1 | 1.00 | 259.00 | 260.00 | OK | |
| r-release-macos-x86_64 | 0.4.1 | 2.00 | 459.00 | 461.00 | OK | |
| r-release-windows-x86_64 | 0.4.1 | 6.00 | 351.00 | 357.00 | OK | |
| r-oldrel-macos-arm64 | 0.4.1 | 1.00 | 105.00 | 106.00 | OK | |
| r-oldrel-macos-x86_64 | 0.4.1 | 2.00 | 217.00 | 219.00 | OK | |
| r-oldrel-windows-x86_64 | 0.4.1 | 8.00 | 327.00 | 335.00 | OK |
Version: 0.4.1
Check: HTML version of manual
Result: NOTE
Found the following HTML validation problems:
dot-onAttach.html:46:1 (dot-onAttach.Rd:10): Warning: missing </ul> before </div>
Flavor: r-devel-linux-x86_64-debian-clang
Version: 0.4.1
Check: re-building of vignette outputs
Result: ERROR
Error(s) in re-building vignettes:
...
--- re-building ‘BadCoordinateID.Rmd’ using rmarkdown
[WARNING] Deprecated: --highlight-style. Use --syntax-highlighting instead.
--- finished re-building ‘BadCoordinateID.Rmd’
--- re-building ‘BasicUsage.Rmd’ using rmarkdown
[WARNING] Deprecated: --highlight-style. Use --syntax-highlighting instead.
--- finished re-building ‘BasicUsage.Rmd’
--- re-building ‘Fields.Rmd’ using rmarkdown
[WARNING] Deprecated: --highlight-style. Use --syntax-highlighting instead.
--- finished re-building ‘Fields.Rmd’
--- re-building ‘FindTissue.Rmd’ using rmarkdown
Quitting from FindTissue.Rmd:58-75 [unnamed-chunk-3]
~~~~~~~~~~~~~~~~~~~~~~~~~~~~~~~~~~~~~~~~~~~~~~~~~~~~~~~~~~~~~~~~~~~~~~~~~~~~~~~~
<error/rlang_error>
Error in `if ((limit == 0 || limit > max_items) && item_count > max_items) ...`:
! missing value where TRUE/FALSE needed
---
Backtrace:
▆
1. └─ridigbio::idig_search_records(...)
2. └─ridigbio::idig_search(...)
~~~~~~~~~~~~~~~~~~~~~~~~~~~~~~~~~~~~~~~~~~~~~~~~~~~~~~~~~~~~~~~~~~~~~~~~~~~~~~~~
Error: processing vignette 'FindTissue.Rmd' failed with diagnostics:
missing value where TRUE/FALSE needed
--- failed re-building ‘FindTissue.Rmd’
--- re-building ‘IDDataFlags.Rmd’ using rmarkdown
[WARNING] Deprecated: --highlight-style. Use --syntax-highlighting instead.
--- finished re-building ‘IDDataFlags.Rmd’
--- re-building ‘MediaAPIDemo.Rmd’ using rmarkdown
[WARNING] Deprecated: --highlight-style. Use --syntax-highlighting instead.
--- finished re-building ‘MediaAPIDemo.Rmd’
--- re-building ‘ModifiedDataID.Rmd’ using rmarkdown
[WARNING] Deprecated: --highlight-style. Use --syntax-highlighting instead.
--- finished re-building ‘ModifiedDataID.Rmd’
--- re-building ‘RecordAPIDemo.Rmd’ using rmarkdown
[WARNING] Deprecated: --highlight-style. Use --syntax-highlighting instead.
[WARNING] Div at RecordAPIDemo.knit.md line 200 column 1 unclosed at RecordAPIDemo.knit.md line 12256 column 1, closing implicitly.
--- finished re-building ‘RecordAPIDemo.Rmd’
--- re-building ‘ridigbio.Rmd’ using rmarkdown
[WARNING] Deprecated: --highlight-style. Use --syntax-highlighting instead.
--- finished re-building ‘ridigbio.Rmd’
SUMMARY: processing the following file failed:
‘FindTissue.Rmd’
Error: Vignette re-building failed.
Execution halted
Flavor: r-devel-linux-x86_64-debian-gcc