Last updated on 2025-05-18 01:50:40 CEST.
Flavor | Version | Tinstall | Tcheck | Ttotal | Status | Flags |
---|---|---|---|---|---|---|
r-devel-linux-x86_64-debian-clang | 0.2.6 | 7.63 | 60.33 | 67.96 | NOTE | |
r-devel-linux-x86_64-debian-gcc | 0.2.6 | 5.59 | 43.66 | 49.25 | NOTE | |
r-devel-linux-x86_64-fedora-clang | 0.2.6 | 108.71 | NOTE | |||
r-devel-linux-x86_64-fedora-gcc | 0.2.6 | 98.86 | NOTE | |||
r-devel-windows-x86_64 | 0.2.6 | 9.00 | 81.00 | 90.00 | NOTE | |
r-patched-linux-x86_64 | 0.2.6 | 7.02 | 55.19 | 62.21 | NOTE | |
r-release-linux-x86_64 | 0.2.6 | 6.94 | 56.45 | 63.39 | NOTE | |
r-release-macos-arm64 | 0.2.6 | 32.00 | NOTE | |||
r-release-macos-x86_64 | 0.2.6 | 61.00 | NOTE | |||
r-release-windows-x86_64 | 0.2.6 | 9.00 | 84.00 | 93.00 | NOTE | |
r-oldrel-macos-arm64 | 0.2.6 | 30.00 | NOTE | |||
r-oldrel-macos-x86_64 | 0.2.6 | 44.00 | NOTE | |||
r-oldrel-windows-x86_64 | 0.2.6 | 11.00 | 94.00 | 105.00 | NOTE |
Version: 0.2.6
Check: Rd files
Result: NOTE
checkRd: (-1) riskPredict.Rd:38: Lost braces
38 | {hat{eta}_c^{(1)}} based on the prediction rule.}
| ^
checkRd: (-1) riskPredict.Rd:38: Lost braces
38 | {hat{eta}_c^{(1)}} based on the prediction rule.}
| ^
checkRd: (-1) riskPredict.Rd:38: Lost braces; missing escapes or markup?
38 | {hat{eta}_c^{(1)}} based on the prediction rule.}
| ^
checkRd: (-1) riskPredictDiff.Rd:34: Lost braces
34 | {hat{eta}_c^{(1)}-hat{eta}_c^{(2)}} based on the 2 prediction rules.}
| ^
checkRd: (-1) riskPredictDiff.Rd:34: Lost braces
34 | {hat{eta}_c^{(1)}-hat{eta}_c^{(2)}} based on the 2 prediction rules.}
| ^
checkRd: (-1) riskPredictDiff.Rd:34: Lost braces; missing escapes or markup?
34 | {hat{eta}_c^{(1)}-hat{eta}_c^{(2)}} based on the 2 prediction rules.}
| ^
checkRd: (-1) riskPredictDiff.Rd:34: Lost braces
34 | {hat{eta}_c^{(1)}-hat{eta}_c^{(2)}} based on the 2 prediction rules.}
| ^
checkRd: (-1) riskPredictDiff.Rd:34: Lost braces; missing escapes or markup?
34 | {hat{eta}_c^{(1)}-hat{eta}_c^{(2)}} based on the 2 prediction rules.}
| ^
Flavors: r-devel-linux-x86_64-debian-clang, r-devel-linux-x86_64-debian-gcc, r-devel-linux-x86_64-fedora-clang, r-devel-linux-x86_64-fedora-gcc, r-devel-windows-x86_64, r-patched-linux-x86_64, r-release-linux-x86_64, r-release-macos-arm64, r-release-macos-x86_64, r-release-windows-x86_64, r-oldrel-macos-arm64, r-oldrel-macos-x86_64, r-oldrel-windows-x86_64