Last updated on 2025-05-09 01:50:16 CEST.
Flavor | Version | Tinstall | Tcheck | Ttotal | Status | Flags |
---|---|---|---|---|---|---|
r-devel-linux-x86_64-debian-clang | 1.2-3 | 22.55 | 46.78 | 69.33 | NOTE | |
r-devel-linux-x86_64-debian-gcc | 1.2-3 | 12.92 | 36.34 | 49.26 | NOTE | |
r-devel-linux-x86_64-fedora-clang | 1.2-3 | 108.12 | OK | |||
r-devel-linux-x86_64-fedora-gcc | 1.2-3 | 125.17 | OK | |||
r-devel-windows-x86_64 | 1.2-3 | 17.00 | 86.00 | 103.00 | OK | |
r-patched-linux-x86_64 | 1.2-3 | 17.56 | 45.81 | 63.37 | OK | |
r-release-linux-x86_64 | 1.2-3 | 16.83 | 45.95 | 62.78 | OK | |
r-release-macos-arm64 | 1.2-3 | 47.00 | OK | |||
r-release-macos-x86_64 | 1.2-3 | 71.00 | OK | |||
r-release-windows-x86_64 | 1.2-3 | 18.00 | 90.00 | 108.00 | OK | |
r-oldrel-macos-arm64 | 1.2-3 | 40.00 | OK | |||
r-oldrel-macos-x86_64 | 1.2-3 | 55.00 | OK | |||
r-oldrel-windows-x86_64 | 1.2-3 | 19.00 | 104.00 | 123.00 | OK |
Version: 1.2-3
Check: CRAN incoming feasibility
Result: NOTE
Maintainer: ‘Michael C Koohafkan <michael.koohafkan@gmail.com>’
Package CITATION file contains call(s) to old-style personList() or
as.personList(). Please use c() on person objects instead.
Package CITATION file contains call(s) to old-style citEntry(). Please
use bibentry() instead.
Flavors: r-devel-linux-x86_64-debian-clang, r-devel-linux-x86_64-debian-gcc