CRAN Package Check Results for Package rjstat

Last updated on 2025-04-30 02:50:50 CEST.

Flavor Version Tinstall Tcheck Ttotal Status Flags
r-devel-linux-x86_64-debian-clang 0.4.3 1.96 28.17 30.13 NOTE
r-devel-linux-x86_64-debian-gcc 0.4.3 1.72 22.52 24.24 NOTE
r-devel-linux-x86_64-fedora-clang 0.4.3 45.98 OK
r-devel-linux-x86_64-fedora-gcc 0.4.3 43.32 OK
r-devel-windows-x86_64 0.4.3 3.00 49.00 52.00 OK
r-patched-linux-x86_64 0.4.3 2.37 25.70 28.07 OK
r-release-linux-x86_64 0.4.3 2.15 26.07 28.22 OK
r-release-macos-arm64 0.4.3 20.00 OK
r-release-macos-x86_64 0.4.3 31.00 OK
r-release-windows-x86_64 0.4.3 4.00 50.00 54.00 OK
r-oldrel-macos-arm64 0.4.3 18.00 OK
r-oldrel-macos-x86_64 0.4.3 26.00 OK
r-oldrel-windows-x86_64 0.4.3 4.00 47.00 51.00 OK

Check Details

Version: 0.4.3
Check: CRAN incoming feasibility
Result: NOTE Maintainer: ‘Aaron Schumacher <ajschumacher@gmail.com>’ No Authors@R field in DESCRIPTION. Please add one, modifying Authors@R: c(person(given = "Aaron", family = "Schumacher", role = c("aut", "cre"), email = "ajschumacher@gmail.com"), person(given = "Håkon", family = "Malmedal", role = "aut"), person(given = "Måns", family = "Magnusson", role = "aut")) as necessary. Flavors: r-devel-linux-x86_64-debian-clang, r-devel-linux-x86_64-debian-gcc