CRAN Package Check Results for Package rlang

Last updated on 2025-05-09 01:50:16 CEST.

Flavor Version Tinstall Tcheck Ttotal Status Flags
r-devel-linux-x86_64-debian-clang 1.1.6 16.10 246.88 262.98 NOTE
r-devel-linux-x86_64-debian-gcc 1.1.6 15.69 160.91 176.60 NOTE
r-devel-linux-x86_64-fedora-clang 1.1.6 408.48 NOTE
r-devel-linux-x86_64-fedora-gcc 1.1.6 401.95 NOTE
r-devel-windows-x86_64 1.1.6 33.00 265.00 298.00 NOTE
r-patched-linux-x86_64 1.1.6 22.45 229.62 252.07 NOTE
r-release-linux-x86_64 1.1.6 17.74 230.78 248.52 NOTE
r-release-macos-arm64 1.1.6 113.00 NOTE
r-release-macos-x86_64 1.1.6 229.00 NOTE
r-release-windows-x86_64 1.1.6 32.00 271.00 303.00 NOTE
r-oldrel-macos-arm64 1.1.6 111.00 OK
r-oldrel-macos-x86_64 1.1.6 254.00 OK
r-oldrel-windows-x86_64 1.1.6 33.00 326.00 359.00 OK

Additional issues

rchk

Check Details

Version: 1.1.6
Check: compiled code
Result: NOTE File ‘rlang/libs/rlang.so’: Found non-API calls to R: ‘ENCLOS’, ‘OBJECT’, ‘PRENV’, ‘PRVALUE’, ‘R_PromiseExpr’, ‘Rf_allocSExp’, ‘Rf_findVarInFrame3’, ‘SETLENGTH’, ‘SET_BODY’, ‘SET_CLOENV’, ‘SET_ENCLOS’, ‘SET_FORMALS’, ‘SET_GROWABLE_BIT’, ‘SET_TRUELENGTH’, ‘SET_TYPEOF’, ‘XTRUELENGTH’ Compiled code should not call non-API entry points in R. See ‘Writing portable packages’ in the ‘Writing R Extensions’ manual, and section ‘Moving into C API compliance’ for issues with the use of non-API entry points. Flavors: r-devel-linux-x86_64-debian-clang, r-devel-linux-x86_64-debian-gcc, r-devel-linux-x86_64-fedora-clang, r-devel-linux-x86_64-fedora-gcc, r-patched-linux-x86_64, r-release-linux-x86_64, r-release-macos-arm64, r-release-macos-x86_64

Version: 1.1.6
Check: compiled code
Result: NOTE File 'rlang/libs/x64/rlang.dll': Found non-API calls to R: 'ENCLOS', 'OBJECT', 'PRENV', 'PRVALUE', 'R_PromiseExpr', 'Rf_allocSExp', 'Rf_findVarInFrame3', 'SETLENGTH', 'SET_BODY', 'SET_CLOENV', 'SET_ENCLOS', 'SET_FORMALS', 'SET_GROWABLE_BIT', 'SET_TRUELENGTH', 'SET_TYPEOF', 'XTRUELENGTH' Compiled code should not call non-API entry points in R. See 'Writing portable packages' in the 'Writing R Extensions' manual, and section 'Moving into C API compliance' for issues with the use of non-API entry points. Flavors: r-devel-windows-x86_64, r-release-windows-x86_64