CRAN Package Check Results for Package rlemon

Last updated on 2025-04-15 01:50:43 CEST.

Flavor Version Tinstall Tcheck Ttotal Status Flags
r-devel-linux-x86_64-debian-clang 0.2.1 73.53 35.87 109.40 OK
r-devel-linux-x86_64-debian-gcc 0.2.1 68.24 27.45 95.69 OK
r-devel-linux-x86_64-fedora-clang 0.2.1 165.07 OK
r-devel-linux-x86_64-fedora-gcc 0.2.1 232.44 OK
r-devel-windows-x86_64 0.2.1 85.00 93.00 178.00 OK
r-patched-linux-x86_64 0.2.1 92.21 35.41 127.62 OK
r-release-linux-x86_64 0.2.1 89.23 35.28 124.51 OK
r-release-macos-arm64 0.2.1 48.00 OK
r-release-macos-x86_64 0.2.1 148.00 OK
r-release-windows-x86_64 0.2.1 83.00 88.00 171.00 OK
r-oldrel-macos-arm64 0.2.1 49.00 NOTE
r-oldrel-macos-x86_64 0.2.1 96.00 NOTE
r-oldrel-windows-x86_64 0.2.1 90.00 104.00 194.00 NOTE

Check Details

Version: 0.2.1
Check: installed package size
Result: NOTE installed size is 19.2Mb sub-directories of 1Mb or more: lemon 2.8Mb libs 16.1Mb Flavors: r-oldrel-macos-arm64, r-oldrel-macos-x86_64, r-oldrel-windows-x86_64