Last updated on 2025-02-19 01:51:01 CET.
Flavor | Version | Tinstall | Tcheck | Ttotal | Status | Flags |
---|---|---|---|---|---|---|
r-devel-linux-x86_64-debian-clang | 1.1.0 | 4.18 | 41.90 | 46.08 | OK | |
r-devel-linux-x86_64-debian-gcc | 1.1.0 | 2.91 | 31.47 | 34.38 | OK | |
r-devel-linux-x86_64-fedora-clang | 1.1.0 | 72.40 | OK | |||
r-devel-linux-x86_64-fedora-gcc | 1.1.0 | 68.68 | OK | |||
r-devel-macos-arm64 | 1.1.0 | 34.00 | OK | |||
r-devel-macos-x86_64 | 1.1.0 | 52.00 | OK | |||
r-devel-windows-x86_64 | 1.1.0 | 6.00 | 75.00 | 81.00 | OK | |
r-patched-linux-x86_64 | 1.1.0 | 3.94 | 38.65 | 42.59 | NOTE | |
r-release-linux-x86_64 | 1.1.0 | 3.31 | 38.82 | 42.13 | NOTE | |
r-release-macos-arm64 | 1.1.0 | 33.00 | NOTE | |||
r-release-macos-x86_64 | 1.1.0 | 44.00 | NOTE | |||
r-release-windows-x86_64 | 1.1.0 | 6.00 | 70.00 | 76.00 | NOTE | |
r-oldrel-macos-arm64 | 1.1.0 | 34.00 | NOTE | |||
r-oldrel-macos-x86_64 | 1.1.0 | 46.00 | NOTE | |||
r-oldrel-windows-x86_64 | 1.1.0 | 8.00 | 86.00 | 94.00 | NOTE |
Version: 1.1.0
Check: LazyData
Result: NOTE
'LazyData' is specified without a 'data' directory
Flavors: r-patched-linux-x86_64, r-release-linux-x86_64, r-release-macos-arm64, r-release-macos-x86_64, r-release-windows-x86_64, r-oldrel-macos-arm64, r-oldrel-macos-x86_64, r-oldrel-windows-x86_64