Last updated on 2025-10-31 01:49:10 CET.
| Flavor | Version | Tinstall | Tcheck | Ttotal | Status | Flags | 
|---|---|---|---|---|---|---|
| r-devel-linux-x86_64-debian-clang | 0.5.0 | 5.24 | 74.03 | 79.27 | NOTE | |
| r-devel-linux-x86_64-debian-gcc | 0.5.0 | 3.32 | 58.05 | 61.37 | NOTE | |
| r-devel-linux-x86_64-fedora-clang | 0.5.0 | 11.00 | 107.89 | 118.89 | NOTE | |
| r-devel-linux-x86_64-fedora-gcc | 0.5.0 | 15.00 | 126.41 | 141.41 | NOTE | |
| r-devel-windows-x86_64 | 0.5.0 | 8.00 | 84.00 | 92.00 | NOTE | |
| r-patched-linux-x86_64 | 0.5.0 | 5.22 | 71.30 | 76.52 | NOTE | |
| r-release-linux-x86_64 | 0.5.0 | 4.44 | 70.79 | 75.23 | NOTE | |
| r-release-macos-arm64 | 0.5.0 | 2.00 | 42.00 | 44.00 | NOTE | |
| r-release-macos-x86_64 | 0.5.0 | 4.00 | 73.00 | 77.00 | NOTE | |
| r-release-windows-x86_64 | 0.5.0 | 8.00 | 84.00 | 92.00 | NOTE | |
| r-oldrel-macos-arm64 | 0.5.0 | 2.00 | 40.00 | 42.00 | NOTE | |
| r-oldrel-macos-x86_64 | 0.5.0 | 3.00 | 60.00 | 63.00 | NOTE | |
| r-oldrel-windows-x86_64 | 0.5.0 | 9.00 | 104.00 | 113.00 | NOTE | 
Version: 0.5.0
Check: Rd files
Result: NOTE
  checkRd: (-1) ms_simplify.Rd:36: Lost braces
      36 | \url{https://github.com/mbloch/mapshaper/wiki/Simplification-Tips}{link}
         |                                                                   ^
Flavors: r-devel-linux-x86_64-debian-clang, r-devel-linux-x86_64-debian-gcc, r-devel-linux-x86_64-fedora-clang, r-devel-linux-x86_64-fedora-gcc, r-devel-windows-x86_64, r-patched-linux-x86_64, r-release-linux-x86_64, r-release-macos-arm64, r-release-macos-x86_64, r-release-windows-x86_64, r-oldrel-macos-arm64, r-oldrel-macos-x86_64, r-oldrel-windows-x86_64