Last updated on 2025-05-01 01:49:45 CEST.
Flavor | Version | Tinstall | Tcheck | Ttotal | Status | Flags |
---|---|---|---|---|---|---|
r-devel-linux-x86_64-debian-clang | 0.2.4 | 3.22 | 81.04 | 84.26 | NOTE | |
r-devel-linux-x86_64-debian-gcc | 0.2.4 | 2.80 | 57.33 | 60.13 | OK | |
r-devel-linux-x86_64-fedora-clang | 0.2.4 | 135.24 | OK | |||
r-devel-linux-x86_64-fedora-gcc | 0.2.4 | 144.75 | OK | |||
r-devel-windows-x86_64 | 0.2.4 | 6.00 | 98.00 | 104.00 | OK | |
r-patched-linux-x86_64 | 0.2.4 | 3.90 | 76.13 | 80.03 | OK | |
r-release-linux-x86_64 | 0.2.4 | 3.45 | 76.72 | 80.17 | OK | |
r-release-macos-arm64 | 0.2.4 | 48.00 | OK | |||
r-release-macos-x86_64 | 0.2.4 | 82.00 | OK | |||
r-release-windows-x86_64 | 0.2.4 | 6.00 | 102.00 | 108.00 | OK | |
r-oldrel-macos-arm64 | 0.2.4 | 46.00 | OK | |||
r-oldrel-macos-x86_64 | 0.2.4 | 74.00 | OK | |||
r-oldrel-windows-x86_64 | 0.2.4 | 7.00 | 114.00 | 121.00 | OK |
Version: 0.2.4
Check: examples
Result: NOTE
Examples with CPU (user + system) or elapsed time > 5s
user system elapsed
get_lbm_param 6.172 0.161 7.272
Flavor: r-devel-linux-x86_64-debian-clang