Last updated on 2025-05-01 01:49:45 CEST.
Flavor | Version | Tinstall | Tcheck | Ttotal | Status | Flags |
---|---|---|---|---|---|---|
r-devel-linux-x86_64-debian-clang | 1.3 | 2.22 | 29.64 | 31.86 | NOTE | |
r-devel-linux-x86_64-debian-gcc | 1.3 | 1.81 | 21.71 | 23.52 | NOTE | |
r-devel-linux-x86_64-fedora-clang | 1.3 | 49.55 | OK | |||
r-devel-linux-x86_64-fedora-gcc | 1.3 | 48.64 | OK | |||
r-devel-windows-x86_64 | 1.3 | 4.00 | 52.00 | 56.00 | OK | |
r-patched-linux-x86_64 | 1.3 | 1.96 | 28.31 | 30.27 | OK | |
r-release-linux-x86_64 | 1.3 | 1.75 | 28.10 | 29.85 | OK | |
r-release-macos-arm64 | 1.3 | 20.00 | OK | |||
r-release-macos-x86_64 | 1.3 | 32.00 | OK | |||
r-release-windows-x86_64 | 1.3 | 3.00 | 56.00 | 59.00 | OK | |
r-oldrel-macos-arm64 | 1.3 | 18.00 | OK | |||
r-oldrel-macos-x86_64 | 1.3 | 26.00 | OK | |||
r-oldrel-windows-x86_64 | 1.3 | 4.00 | 53.00 | 57.00 | OK |
Version: 1.3
Check: CRAN incoming feasibility
Result: NOTE
Maintainer: ‘Martin Lauss <martin.lauss@med.lu.se>’
No Authors@R field in DESCRIPTION.
Please add one, modifying
Authors@R: person(given = "Martin",
family = "Lauss",
role = c("aut", "cre"),
email = "martin.lauss@med.lu.se")
as necessary.
Flavors: r-devel-linux-x86_64-debian-clang, r-devel-linux-x86_64-debian-gcc
Version: 1.3
Check: examples
Result: NOTE
Examples with CPU (user + system) or elapsed time > 5s
user system elapsed
o.rocc 8.221 0.1 10.645
Flavor: r-devel-linux-x86_64-debian-clang