Last updated on 2025-05-09 01:50:17 CEST.
Flavor | Version | Tinstall | Tcheck | Ttotal | Status | Flags |
---|---|---|---|---|---|---|
r-devel-linux-x86_64-debian-clang | 0.2 | 2.56 | 29.31 | 31.87 | NOTE | |
r-devel-linux-x86_64-debian-gcc | 0.2 | 1.73 | 24.04 | 25.77 | NOTE | |
r-devel-linux-x86_64-fedora-clang | 0.2 | 50.32 | OK | |||
r-devel-linux-x86_64-fedora-gcc | 0.2 | 59.79 | OK | |||
r-devel-windows-x86_64 | 0.2 | 5.00 | 47.00 | 52.00 | OK | |
r-patched-linux-x86_64 | 0.2 | 2.20 | 27.41 | 29.61 | OK | |
r-release-linux-x86_64 | 0.2 | 2.30 | 27.37 | 29.67 | OK | |
r-release-macos-arm64 | 0.2 | 29.00 | OK | |||
r-release-macos-x86_64 | 0.2 | 48.00 | OK | |||
r-release-windows-x86_64 | 0.2 | 5.00 | 51.00 | 56.00 | OK | |
r-oldrel-macos-arm64 | 0.2 | 41.00 | OK | |||
r-oldrel-macos-x86_64 | 0.2 | 52.00 | OK | |||
r-oldrel-windows-x86_64 | 0.2 | 5.00 | 56.00 | 61.00 | OK |
Version: 0.2
Check: DESCRIPTION meta-information
Result: NOTE
Author field differs from that derived from Authors@R
Author: ‘Yihui Xie [aut, cre] (<https://orcid.org/0000-0003-0645-5666>, https://yihui.org), Siqi Zhang [ctb], Russell Goldenberg [ctb] (The JS library inst/resources/scrollama/scrollama.min.js)’
Authors@R: ‘Yihui Xie [aut, cre] (ORCID: <https://orcid.org/0000-0003-0645-5666>, URL: https://yihui.org), Siqi Zhang [ctb], Russell Goldenberg [ctb] (The JS library inst/resources/scrollama/scrollama.min.js)’
Flavors: r-devel-linux-x86_64-debian-clang, r-devel-linux-x86_64-debian-gcc