Last updated on 2025-02-20 01:50:45 CET.
Flavor | Version | Tinstall | Tcheck | Ttotal | Status | Flags |
---|---|---|---|---|---|---|
r-devel-linux-x86_64-debian-clang | 0.1 | 21.44 | 54.18 | 75.62 | OK | |
r-devel-linux-x86_64-debian-gcc | 0.1 | 13.30 | 37.66 | 50.96 | OK | |
r-devel-linux-x86_64-fedora-clang | 0.1 | 117.29 | OK | |||
r-devel-linux-x86_64-fedora-gcc | 0.1 | 121.05 | OK | |||
r-devel-macos-arm64 | 0.1 | 43.00 | OK | |||
r-devel-macos-x86_64 | 0.1 | 93.00 | OK | |||
r-devel-windows-x86_64 | 0.1 | 26.00 | 66.00 | 92.00 | OK | |
r-patched-linux-x86_64 | 0.1 | 19.95 | 55.41 | 75.36 | OK | |
r-release-linux-x86_64 | 0.1 | 21.31 | 57.20 | 78.51 | OK | |
r-release-macos-arm64 | 0.1 | 42.00 | NOTE | |||
r-release-macos-x86_64 | 0.1 | 66.00 | NOTE | |||
r-release-windows-x86_64 | 0.1 | 25.00 | 66.00 | 91.00 | NOTE | |
r-oldrel-macos-arm64 | 0.1 | 47.00 | NOTE | |||
r-oldrel-macos-x86_64 | 0.1 | 81.00 | NOTE | |||
r-oldrel-windows-x86_64 | 0.1 | 33.00 | 71.00 | 104.00 | NOTE |
Version: 0.1
Check: installed package size
Result: NOTE
installed size is 6.5Mb
sub-directories of 1Mb or more:
R 3.7Mb
extdata 2.7Mb
Flavors: r-release-macos-arm64, r-release-macos-x86_64, r-release-windows-x86_64, r-oldrel-macos-arm64, r-oldrel-macos-x86_64, r-oldrel-windows-x86_64