Last updated on 2025-05-02 02:51:06 CEST.
Flavor | Version | Tinstall | Tcheck | Ttotal | Status | Flags |
---|---|---|---|---|---|---|
r-devel-linux-x86_64-debian-clang | 1.0.14 | 118.99 | 83.01 | 202.00 | NOTE | |
r-devel-linux-x86_64-debian-gcc | 1.0.14 | 90.79 | 64.73 | 155.52 | NOTE | |
r-devel-linux-x86_64-fedora-clang | 1.0.14 | 340.11 | OK | |||
r-devel-linux-x86_64-fedora-gcc | 1.0.14 | 386.16 | OK | |||
r-devel-windows-x86_64 | 1.0.14 | 122.00 | 136.00 | 258.00 | OK | |
r-patched-linux-x86_64 | 1.0.14 | 131.30 | 86.56 | 217.86 | OK | |
r-release-linux-x86_64 | OK | |||||
r-release-macos-arm64 | 1.0.14 | 102.00 | OK | |||
r-release-macos-x86_64 | 1.0.14 | 141.00 | OK | |||
r-release-windows-x86_64 | 1.0.14 | 122.00 | 154.00 | 276.00 | OK | |
r-oldrel-macos-arm64 | 1.0.14 | 91.00 | NOTE | |||
r-oldrel-macos-x86_64 | 1.0.14 | 116.00 | NOTE | |||
r-oldrel-windows-x86_64 | 1.0.14 | 139.00 | 157.00 | 296.00 | OK |
Version: 1.0.14
Check: CRAN incoming feasibility
Result: NOTE
Maintainer: ‘Joshua Pritikin <jpritikin@pobox.com>’
Package has help file(s) containing later-stage \Sexpr{} expressions
but no 'build/stage23.rdb' file.
Flavors: r-devel-linux-x86_64-debian-clang, r-devel-linux-x86_64-debian-gcc
Version: 1.0.14
Check: installed package size
Result: NOTE
installed size is 26.6Mb
sub-directories of 1Mb or more:
libs 25.7Mb
Flavors: r-oldrel-macos-arm64, r-oldrel-macos-x86_64