CRAN Package Check Results for Package rprojtree

Last updated on 2025-02-11 01:49:18 CET.

Flavor Version Tinstall Tcheck Ttotal Status Flags
r-devel-linux-x86_64-debian-clang 1.0.0 3.84 37.09 40.93 NOTE
r-devel-linux-x86_64-debian-gcc 1.0.0 2.64 27.09 29.73 NOTE
r-devel-linux-x86_64-fedora-clang 1.0.0 65.70 NOTE
r-devel-linux-x86_64-fedora-gcc 1.0.0 74.61 NOTE
r-devel-windows-x86_64 1.0.0 5.00 55.00 60.00 NOTE
r-patched-linux-x86_64 1.0.0 3.83 34.41 38.24 NOTE
r-release-linux-x86_64 1.0.0 3.60 34.18 37.78 NOTE
r-release-macos-arm64 1.0.0 30.00 NOTE
r-release-macos-x86_64 1.0.0 41.00 NOTE
r-release-windows-x86_64 1.0.0 6.00 54.00 60.00 NOTE
r-oldrel-macos-arm64 1.0.0 29.00 OK
r-oldrel-macos-x86_64 1.0.0 42.00 OK
r-oldrel-windows-x86_64 1.0.0 6.00 64.00 70.00 OK

Check Details

Version: 1.0.0
Check: Rd files
Result: NOTE checkRd: (-1) check_node.Rd:11: Lost braces 11 | \item{x}{\\code{list}, the node to check} | ^ Flavors: r-devel-linux-x86_64-debian-clang, r-devel-linux-x86_64-debian-gcc, r-devel-linux-x86_64-fedora-clang, r-devel-linux-x86_64-fedora-gcc, r-devel-windows-x86_64, r-patched-linux-x86_64, r-release-linux-x86_64, r-release-macos-arm64, r-release-macos-x86_64, r-release-windows-x86_64