CRAN Package Check Results for Package rslp

Last updated on 2025-04-15 01:50:44 CEST.

Flavor Version Tinstall Tcheck Ttotal Status Flags
r-devel-linux-x86_64-debian-clang 0.2.0 1.68 24.55 26.23 OK
r-devel-linux-x86_64-debian-gcc 0.2.0 1.48 19.32 20.80 OK
r-devel-linux-x86_64-fedora-clang 0.2.0 41.38 OK
r-devel-linux-x86_64-fedora-gcc 0.2.0 39.73 OK
r-devel-windows-x86_64 0.2.0 3.00 48.00 51.00 OK
r-patched-linux-x86_64 0.2.0 1.96 23.79 25.75 OK
r-release-linux-x86_64 0.2.0 1.35 23.80 25.15 OK
r-release-macos-arm64 0.2.0 21.00 OK
r-release-macos-x86_64 0.2.0 32.00 OK
r-release-windows-x86_64 0.2.0 4.00 46.00 50.00 OK
r-oldrel-macos-arm64 0.2.0 18.00 NOTE
r-oldrel-macos-x86_64 0.2.0 24.00 NOTE
r-oldrel-windows-x86_64 0.2.0 3.00 49.00 52.00 NOTE

Check Details

Version: 0.2.0
Check: LazyData
Result: NOTE 'LazyData' is specified without a 'data' directory Flavors: r-oldrel-macos-arm64, r-oldrel-macos-x86_64, r-oldrel-windows-x86_64