CRAN Package Check Results for Package rsmatch

Last updated on 2025-06-28 01:50:01 CEST.

Flavor Version Tinstall Tcheck Ttotal Status Flags
r-devel-linux-x86_64-debian-clang 0.2.1 1.97 47.23 49.20 OK
r-devel-linux-x86_64-debian-gcc 0.2.1 1.79 35.57 37.36 OK
r-devel-linux-x86_64-fedora-clang 0.2.1 81.25 OK
r-devel-linux-x86_64-fedora-gcc 0.2.1 90.98 OK
r-devel-windows-x86_64 0.2.1 4.00 62.00 66.00 OK
r-patched-linux-x86_64 OK
r-release-linux-x86_64 0.2.1 2.01 43.44 45.45 OK
r-release-macos-arm64 0.2.1 31.00 OK
r-release-macos-x86_64 0.2.1 57.00 OK
r-release-windows-x86_64 0.2.1 5.00 63.00 68.00 OK
r-oldrel-macos-arm64 0.2.1 30.00 NOTE
r-oldrel-macos-x86_64 0.2.1 48.00 NOTE
r-oldrel-windows-x86_64 0.2.1 5.00 73.00 78.00 NOTE

Check Details

Version: 0.2.1
Check: package dependencies
Result: NOTE Package suggested but not available for checking: ‘gurobi’ Flavors: r-oldrel-macos-arm64, r-oldrel-macos-x86_64, r-oldrel-windows-x86_64