Last updated on 2025-05-05 01:51:01 CEST.
Flavor | Version | Tinstall | Tcheck | Ttotal | Status | Flags |
---|---|---|---|---|---|---|
r-devel-linux-x86_64-debian-clang | 0.5.3 | 133.66 | 128.47 | 262.13 | OK | |
r-devel-linux-x86_64-debian-gcc | 0.5.3 | 100.78 | 93.19 | 193.97 | OK | |
r-devel-linux-x86_64-fedora-clang | 0.5.3 | 503.77 | NOTE | |||
r-devel-linux-x86_64-fedora-gcc | 0.5.3 | 527.61 | NOTE | |||
r-devel-windows-x86_64 | 0.5.3 | 172.00 | 149.00 | 321.00 | OK | |
r-patched-linux-x86_64 | 0.5.3 | 135.02 | 120.48 | 255.50 | OK | |
r-release-linux-x86_64 | 0.5.3 | 134.85 | 120.12 | 254.97 | OK | |
r-release-macos-arm64 | 0.5.3 | 123.00 | OK | |||
r-release-macos-x86_64 | 0.5.3 | 181.00 | OK | |||
r-release-windows-x86_64 | 0.5.3 | 174.00 | 152.00 | 326.00 | OK | |
r-oldrel-macos-arm64 | 0.5.3 | 107.00 | NOTE | |||
r-oldrel-macos-x86_64 | 0.5.3 | 229.00 | NOTE | |||
r-oldrel-windows-x86_64 | 0.5.3 | 201.00 | 194.00 | 395.00 | OK |
Version: 0.5.3
Check: dependencies in R code
Result: NOTE
Namespace in Imports field not imported from: ‘MatrixExtra’
All declared Imports should be used.
Flavors: r-devel-linux-x86_64-fedora-clang, r-devel-linux-x86_64-fedora-gcc
Version: 0.5.3
Check: installed package size
Result: NOTE
installed size is 10.2Mb
sub-directories of 1Mb or more:
libs 9.5Mb
Flavors: r-oldrel-macos-arm64, r-oldrel-macos-x86_64