Last updated on 2025-01-13 02:49:47 CET.
Flavor | Version | Tinstall | Tcheck | Ttotal | Status | Flags |
---|---|---|---|---|---|---|
r-devel-linux-x86_64-debian-clang | 1.6.6.1 | 209.72 | 159.92 | 369.64 | OK | |
r-devel-linux-x86_64-debian-gcc | 1.6.6.1 | 142.53 | 109.20 | 251.73 | OK | |
r-devel-linux-x86_64-fedora-clang | 1.6.6.1 | 634.63 | OK | |||
r-devel-linux-x86_64-fedora-gcc | 1.6.6.1 | 686.76 | OK | |||
r-devel-windows-x86_64 | 1.6.6.1 | 194.00 | 252.00 | 446.00 | OK | |
r-patched-linux-x86_64 | 1.6.6.1 | 204.82 | 150.20 | 355.02 | OK | |
r-release-linux-x86_64 | 1.6.6.1 | 205.08 | 149.56 | 354.64 | OK | |
r-release-macos-arm64 | 1.6.6.1 | 156.00 | NOTE | |||
r-release-macos-x86_64 | 1.6.6.1 | 334.00 | NOTE | |||
r-release-windows-x86_64 | 1.6.6.1 | 186.00 | 238.00 | 424.00 | NOTE | |
r-oldrel-macos-arm64 | 1.6.6.1 | 155.00 | NOTE | |||
r-oldrel-macos-x86_64 | 1.6.6.1 | 346.00 | NOTE | |||
r-oldrel-windows-x86_64 | 1.6.6.1 | 238.00 | 280.00 | 518.00 | NOTE |
Version: 1.6.6.1
Check: installed package size
Result: NOTE
installed size is 37.2Mb
sub-directories of 1Mb or more:
libs 21.3Mb
Flavors: r-release-macos-arm64, r-release-macos-x86_64, r-release-windows-x86_64, r-oldrel-macos-arm64, r-oldrel-macos-x86_64, r-oldrel-windows-x86_64