Last updated on 2025-04-30 01:50:36 CEST.
Flavor | Version | Tinstall | Tcheck | Ttotal | Status | Flags |
---|---|---|---|---|---|---|
r-devel-linux-x86_64-debian-clang | 0.11-5 | 22.12 | 336.52 | 358.64 | NOTE | |
r-devel-linux-x86_64-debian-gcc | 0.11-5 | 15.00 | 195.89 | 210.89 | NOTE | |
r-devel-linux-x86_64-fedora-clang | 0.11-5 | 621.24 | NOTE | |||
r-devel-linux-x86_64-fedora-gcc | 0.11-5 | 566.90 | NOTE | |||
r-devel-windows-x86_64 | 0.11-5 | 24.00 | 294.00 | 318.00 | NOTE | |
r-patched-linux-x86_64 | 0.11-5 | 20.09 | 316.28 | 336.37 | NOTE | |
r-release-linux-x86_64 | 0.11-5 | 21.43 | 315.44 | 336.87 | NOTE | |
r-release-macos-arm64 | 0.11-5 | 201.00 | NOTE | |||
r-release-macos-x86_64 | 0.11-5 | 379.00 | NOTE | |||
r-release-windows-x86_64 | 0.11-5 | 27.00 | 284.00 | 311.00 | NOTE | |
r-oldrel-macos-arm64 | 0.11-5 | 132.00 | NOTE | |||
r-oldrel-macos-x86_64 | 0.11-5 | 217.00 | NOTE | |||
r-oldrel-windows-x86_64 | 0.11-5 | 30.00 | 403.00 | 433.00 | NOTE |
Version: 0.11-5
Check: Rd files
Result: NOTE
checkRd: (-1) LBA-race.Rd:157: Lost braces
157 | corresponding (and not first) accumulator winning see /code{/link{LBA}}.
| ^
checkRd: (-1) LBA-race.Rd:157: Lost braces
157 | corresponding (and not first) accumulator winning see /code{/link{LBA}}.
| ^
Flavors: r-devel-linux-x86_64-debian-clang, r-devel-linux-x86_64-debian-gcc, r-devel-linux-x86_64-fedora-clang, r-devel-linux-x86_64-fedora-gcc, r-devel-windows-x86_64, r-patched-linux-x86_64, r-release-linux-x86_64, r-release-macos-arm64, r-release-macos-x86_64, r-release-windows-x86_64, r-oldrel-macos-arm64, r-oldrel-macos-x86_64, r-oldrel-windows-x86_64
Version: 0.11-5
Check: examples
Result: NOTE
Examples with CPU (user + system) or elapsed time > 5s
user system elapsed
LBA 4.514 0.176 5.278
Flavor: r-devel-linux-x86_64-debian-clang