Last updated on 2025-05-10 02:49:55 CEST.
Flavor | Version | Tinstall | Tcheck | Ttotal | Status | Flags |
---|---|---|---|---|---|---|
r-devel-linux-x86_64-debian-clang | 0.4-14.1 | 2.68 | 40.75 | 43.43 | NOTE | |
r-devel-linux-x86_64-debian-gcc | 0.4-14.1 | 2.16 | 31.64 | 33.80 | NOTE | |
r-devel-linux-x86_64-fedora-clang | 0.4-14.1 | 70.53 | NOTE | |||
r-devel-linux-x86_64-fedora-gcc | 0.4-14.1 | 79.16 | NOTE | |||
r-devel-windows-x86_64 | 0.4-14.1 | 5.00 | 73.00 | 78.00 | OK | |
r-patched-linux-x86_64 | 0.4-14.1 | 3.41 | 39.18 | 42.59 | NOTE | |
r-release-linux-x86_64 | 0.4-14.1 | 2.71 | 39.31 | 42.02 | NOTE | |
r-release-macos-arm64 | 0.4-14.1 | 51.00 | OK | |||
r-release-macos-x86_64 | 0.4-14.1 | 83.00 | OK | |||
r-release-windows-x86_64 | 0.4-14.1 | 4.00 | 73.00 | 77.00 | OK | |
r-oldrel-macos-arm64 | 0.4-14.1 | 30.00 | OK | |||
r-oldrel-macos-x86_64 | 0.4-14.1 | 56.00 | OK | |||
r-oldrel-windows-x86_64 | 0.4-14.1 | 5.00 | 81.00 | 86.00 | OK |
Version: 0.4-14.1
Check: for non-standard things in the check directory
Result: NOTE
Found the following files/directories:
‘test_addPageBreak.doc’ ‘test_addPlot.doc’ ‘test_addSessionInfo.doc’
‘test_addTable.doc’
Flavors: r-devel-linux-x86_64-debian-clang, r-devel-linux-x86_64-debian-gcc, r-devel-linux-x86_64-fedora-clang, r-devel-linux-x86_64-fedora-gcc, r-patched-linux-x86_64, r-release-linux-x86_64