CRAN Package Check Results for Package rtiddlywiki

Last updated on 2025-02-17 01:50:37 CET.

Flavor Version Tinstall Tcheck Ttotal Status Flags
r-devel-linux-x86_64-debian-clang 0.1.0 2.15 23.75 25.90 NOTE
r-devel-linux-x86_64-debian-gcc 0.1.0 1.52 19.10 20.62 NOTE
r-devel-linux-x86_64-fedora-clang 0.1.0 43.51 NOTE
r-devel-linux-x86_64-fedora-gcc 0.1.0 56.42 NOTE
r-devel-macos-arm64 0.1.0 25.00 NOTE
r-devel-macos-x86_64 0.1.0 45.00 NOTE
r-devel-windows-x86_64 0.1.0 3.00 47.00 50.00 NOTE
r-patched-linux-x86_64 0.1.0 1.57 22.54 24.11 NOTE
r-release-linux-x86_64 0.1.0 2.09 22.88 24.97 NOTE
r-release-macos-arm64 0.1.0 22.00 NOTE
r-release-macos-x86_64 0.1.0 35.00 NOTE
r-release-windows-x86_64 0.1.0 4.00 47.00 51.00 NOTE
r-oldrel-macos-arm64 0.1.0 22.00 OK
r-oldrel-macos-x86_64 0.1.0 35.00 OK
r-oldrel-windows-x86_64 0.1.0 5.00 54.00 59.00 OK

Check Details

Version: 0.1.0
Check: Rd files
Result: NOTE checkRd: (-1) tw_options.Rd:22: Lost braces in \itemize; meant \describe ? Flavors: r-devel-linux-x86_64-debian-clang, r-devel-linux-x86_64-debian-gcc, r-devel-linux-x86_64-fedora-clang, r-devel-linux-x86_64-fedora-gcc, r-devel-macos-arm64, r-devel-macos-x86_64, r-devel-windows-x86_64, r-patched-linux-x86_64, r-release-linux-x86_64, r-release-macos-arm64, r-release-macos-x86_64, r-release-windows-x86_64