Last updated on 2025-10-31 01:49:12 CET.
| Flavor | Version | Tinstall | Tcheck | Ttotal | Status | Flags | 
|---|---|---|---|---|---|---|
| r-devel-linux-x86_64-debian-clang | 3.2.0 | 7.31 | 54.64 | 61.95 | NOTE | |
| r-devel-linux-x86_64-debian-gcc | 3.2.0 | 4.43 | 40.19 | 44.62 | NOTE | |
| r-devel-linux-x86_64-fedora-clang | 3.2.0 | 14.00 | 76.32 | 90.32 | OK | |
| r-devel-linux-x86_64-fedora-gcc | 3.2.0 | 15.00 | 72.20 | 87.20 | OK | |
| r-devel-windows-x86_64 | 3.2.0 | 8.00 | 70.00 | 78.00 | OK | |
| r-patched-linux-x86_64 | 3.2.0 | 5.95 | 49.20 | 55.15 | OK | |
| r-release-linux-x86_64 | 3.2.0 | 5.95 | 49.35 | 55.30 | OK | |
| r-release-macos-arm64 | 3.2.0 | 3.00 | 22.00 | 25.00 | OK | |
| r-release-macos-x86_64 | 3.2.0 | 6.00 | 45.00 | 51.00 | OK | |
| r-release-windows-x86_64 | 3.2.0 | 10.00 | 72.00 | 82.00 | OK | |
| r-oldrel-macos-arm64 | 3.2.0 | 3.00 | 26.00 | 29.00 | OK | |
| r-oldrel-macos-x86_64 | 3.2.0 | 4.00 | 36.00 | 40.00 | OK | |
| r-oldrel-windows-x86_64 | 3.2.0 | 12.00 | 86.00 | 98.00 | OK | 
Version: 3.2.0
Check: CRAN incoming feasibility
Result: NOTE
  Maintainer: ‘Alexey Seleznev <selesnow@gmail.com>’
  
  No Authors@R field in DESCRIPTION.
  Please add one, modifying
    Authors@R: person(given = "Alexey",
                      family = "Seleznev",
                      role = c("aut", "cre"),
                      email = "selesnow@gmail.com")
  as necessary.
Flavors: r-devel-linux-x86_64-debian-clang, r-devel-linux-x86_64-debian-gcc