CRAN Package Check Results for Package s3

Last updated on 2025-05-05 01:51:01 CEST.

Flavor Version Tinstall Tcheck Ttotal Status Flags
r-devel-linux-x86_64-debian-clang 1.1.0 1.80 21.72 23.52 NOTE
r-devel-linux-x86_64-debian-gcc 1.1.0 1.34 17.57 18.91 NOTE
r-devel-linux-x86_64-fedora-clang 1.1.0 37.02 NOTE
r-devel-linux-x86_64-fedora-gcc 1.1.0 35.66 NOTE
r-devel-windows-x86_64 1.1.0 4.00 42.00 46.00 NOTE
r-patched-linux-x86_64 1.1.0 1.84 19.58 21.42 NOTE
r-release-linux-x86_64 1.1.0 1.85 19.61 21.46 NOTE
r-release-macos-arm64 1.1.0 16.00 NOTE
r-release-macos-x86_64 1.1.0 25.00 NOTE
r-release-windows-x86_64 1.1.0 4.00 42.00 46.00 NOTE
r-oldrel-macos-arm64 1.1.0 17.00 OK
r-oldrel-macos-x86_64 1.1.0 29.00 OK
r-oldrel-windows-x86_64 1.1.0 4.00 47.00 51.00 OK

Check Details

Version: 1.1.0
Check: DESCRIPTION meta-information
Result: NOTE Missing dependency on R >= 4.1.0 because package code uses the pipe |> or function shorthand \(...) syntax added in R 4.1.0. File(s) using such syntax: ‘s3_check_for_file.R’ ‘s3_file_size.R’ ‘s3_get.Rd’ ‘s3_get_files.R’ ‘s3_parse_uri.R’ Flavors: r-devel-linux-x86_64-debian-clang, r-devel-linux-x86_64-debian-gcc, r-devel-linux-x86_64-fedora-clang, r-devel-linux-x86_64-fedora-gcc, r-devel-windows-x86_64, r-patched-linux-x86_64, r-release-linux-x86_64, r-release-macos-arm64, r-release-macos-x86_64, r-release-windows-x86_64