Last updated on 2025-02-20 01:50:46 CET.
Flavor | Version | Tinstall | Tcheck | Ttotal | Status | Flags |
---|---|---|---|---|---|---|
r-devel-linux-x86_64-debian-clang | 0.6.3 | 19.60 | 169.34 | 188.94 | NOTE | |
r-devel-linux-x86_64-debian-gcc | 0.6.3 | 12.99 | 117.59 | 130.58 | NOTE | |
r-devel-linux-x86_64-fedora-clang | 0.6.3 | 294.29 | OK | |||
r-devel-linux-x86_64-fedora-gcc | 0.6.3 | 309.14 | OK | |||
r-devel-macos-arm64 | 0.6.3 | 86.00 | OK | |||
r-devel-macos-x86_64 | 0.6.3 | 170.00 | OK | |||
r-devel-windows-x86_64 | 0.6.3 | 21.00 | 202.00 | 223.00 | NOTE | |
r-patched-linux-x86_64 | 0.6.3 | 23.90 | 161.23 | 185.13 | OK | |
r-release-linux-x86_64 | 0.6.3 | 14.19 | 157.72 | 171.91 | OK | |
r-release-macos-arm64 | 0.6.3 | 105.00 | OK | |||
r-release-macos-x86_64 | 0.6.3 | 137.00 | OK | |||
r-release-windows-x86_64 | 0.6.3 | 20.00 | 199.00 | 219.00 | OK | |
r-oldrel-macos-arm64 | 0.6.3 | 115.00 | OK | |||
r-oldrel-macos-x86_64 | 0.6.3 | 246.00 | OK | |||
r-oldrel-windows-x86_64 | 0.6.3 | 21.00 | 234.00 | 255.00 | OK |
Version: 0.6.3
Check: Rd cross-references
Result: NOTE
Found the following Rd file(s) with Rd \link{} targets missing package
anchors:
ICtab.Rd: mle2-class
fitrad-class.Rd: mle2, mle2-class
fitsad-class.Rd: mle2, mle2-class
fitsadC-class.Rd: mle2, mle2-class
Please provide package anchors for all Rd \link{} targets not in the
package itself and the base packages.
Flavors: r-devel-linux-x86_64-debian-clang, r-devel-linux-x86_64-debian-gcc, r-devel-windows-x86_64