Last updated on 2025-04-30 02:50:51 CEST.
Flavor | Version | Tinstall | Tcheck | Ttotal | Status | Flags |
---|---|---|---|---|---|---|
r-devel-linux-x86_64-debian-clang | 1.1.0 | 167.54 | 121.96 | 289.50 | OK | |
r-devel-linux-x86_64-debian-gcc | 1.1.0 | 123.97 | 84.24 | 208.21 | OK | |
r-devel-linux-x86_64-fedora-clang | 1.1.0 | 589.57 | OK | |||
r-devel-linux-x86_64-fedora-gcc | 1.1.0 | 541.79 | OK | |||
r-devel-windows-x86_64 | 1.1.0 | 193.00 | 159.00 | 352.00 | OK | |
r-patched-linux-x86_64 | 1.1.0 | 173.12 | 112.73 | 285.85 | OK | |
r-release-linux-x86_64 | 1.1.0 | 176.83 | 112.12 | 288.95 | OK | |
r-release-macos-arm64 | 1.1.0 | 130.00 | OK | |||
r-release-macos-x86_64 | 1.1.0 | 176.00 | OK | |||
r-release-windows-x86_64 | 1.1.0 | 197.00 | 168.00 | 365.00 | OK | |
r-oldrel-macos-arm64 | 1.1.0 | 117.00 | NOTE | |||
r-oldrel-macos-x86_64 | 1.1.0 | 179.00 | NOTE | |||
r-oldrel-windows-x86_64 | 1.1.0 | 217.00 | 205.00 | 422.00 | OK |
Version: 1.1.0
Check: installed package size
Result: NOTE
installed size is 15.0Mb
sub-directories of 1Mb or more:
libs 13.8Mb
Flavors: r-oldrel-macos-arm64, r-oldrel-macos-x86_64