Last updated on 2025-10-30 01:50:15 CET.
| Flavor | Version | Tinstall | Tcheck | Ttotal | Status | Flags |
|---|---|---|---|---|---|---|
| r-devel-linux-x86_64-debian-clang | 1.7.2 | 59.51 | 425.05 | 484.56 | OK | |
| r-devel-linux-x86_64-debian-gcc | 1.7.2 | 40.39 | 298.71 | 339.10 | OK | |
| r-devel-linux-x86_64-fedora-clang | 1.7.2 | 469.00 | 359.34 | 828.34 | OK | |
| r-devel-linux-x86_64-fedora-gcc | 1.7.2 | 411.00 | 406.35 | 817.35 | OK | |
| r-devel-windows-x86_64 | 1.7.2 | 58.00 | 347.00 | 405.00 | OK | |
| r-patched-linux-x86_64 | 1.7.2 | 0.34 | 2.05 | 2.39 | ERROR | |
| r-release-linux-x86_64 | 1.7.2 | 54.14 | 406.81 | 460.95 | OK | |
| r-release-macos-arm64 | 1.7.2 | 24.00 | 144.00 | 168.00 | OK | |
| r-release-macos-x86_64 | 1.7.2 | 71.00 | 255.00 | 326.00 | OK | |
| r-release-windows-x86_64 | 1.7.2 | 59.00 | 349.00 | 408.00 | OK | |
| r-oldrel-macos-arm64 | 1.7.2 | 26.00 | 158.00 | 184.00 | OK | |
| r-oldrel-macos-x86_64 | 1.7.2 | 86.00 | 288.00 | 374.00 | OK | |
| r-oldrel-windows-x86_64 | 1.7.2 | 84.00 | 479.00 | 563.00 | OK |
Version: 1.7.2
Check: package dependencies
Result: ERROR
Package required but not available: ‘UCell’
See section ‘The DESCRIPTION file’ in the ‘Writing R Extensions’
manual.
Flavor: r-patched-linux-x86_64