Last updated on 2024-05-21 02:02:19 CEST.
Flavor | Version | Tinstall | Tcheck | Ttotal | Status | Flags |
---|---|---|---|---|---|---|
r-devel-linux-x86_64-debian-clang | 1.0.1 | 4.94 | 36.94 | 41.88 | OK | |
r-devel-linux-x86_64-debian-gcc | 1.0.1 | 3.98 | 28.33 | 32.31 | OK | |
r-devel-linux-x86_64-fedora-clang | 1.0.1 | 53.25 | NOTE | |||
r-devel-linux-x86_64-fedora-gcc | 1.0.1 | 60.98 | NOTE | |||
r-devel-windows-x86_64 | 1.0.1 | 5.00 | 51.00 | 56.00 | OK | |
r-patched-linux-x86_64 | 1.0.1 | 4.99 | 35.32 | 40.31 | OK | |
r-release-linux-x86_64 | 1.0.1 | 4.68 | 34.62 | 39.30 | OK | |
r-release-macos-arm64 | 1.0.1 | 26.00 | OK | |||
r-release-windows-x86_64 | 1.0.1 | 6.00 | 51.00 | 57.00 | OK | |
r-oldrel-macos-arm64 | 1.0.1 | 31.00 | OK | |||
r-oldrel-macos-x86_64 | 1.0.1 | 41.00 | OK | |||
r-oldrel-windows-x86_64 | 1.0.1 | 9.00 | 53.00 | 62.00 | OK |
Version: 1.0.1
Check: data for non-ASCII characters
Result: NOTE
Note: found 464 marked UTF-8 strings
Flavors: r-devel-linux-x86_64-fedora-clang, r-devel-linux-x86_64-fedora-gcc