Last updated on 2025-05-17 02:53:33 CEST.
Flavor | Version | Tinstall | Tcheck | Ttotal | Status | Flags |
---|---|---|---|---|---|---|
r-devel-linux-x86_64-debian-clang | 1.0.2 | 8.66 | 64.07 | 72.73 | NOTE | |
r-devel-linux-x86_64-debian-gcc | 1.0.2 | 5.33 | 48.04 | 53.37 | NOTE | |
r-devel-linux-x86_64-fedora-clang | 1.0.2 | 116.92 | OK | |||
r-devel-linux-x86_64-fedora-gcc | 1.0.2 | 109.25 | OK | |||
r-devel-windows-x86_64 | 1.0.2 | 10.00 | 78.00 | 88.00 | OK | |
r-patched-linux-x86_64 | 1.0.2 | 7.67 | 60.56 | 68.23 | OK | |
r-release-linux-x86_64 | 1.0.2 | 8.34 | 61.21 | 69.55 | OK | |
r-release-macos-arm64 | 1.0.2 | 34.00 | OK | |||
r-release-macos-x86_64 | 1.0.2 | 64.00 | OK | |||
r-release-windows-x86_64 | 1.0.2 | 11.00 | 75.00 | 86.00 | OK | |
r-oldrel-macos-arm64 | 1.0.2 | 29.00 | OK | |||
r-oldrel-macos-x86_64 | 1.0.2 | 51.00 | OK | |||
r-oldrel-windows-x86_64 | 1.0.2 | 13.00 | 91.00 | 104.00 | OK |
Version: 1.0.2
Check: CRAN incoming feasibility
Result: NOTE
Maintainer: ‘Jaejoon Song <jjsong2@mdanderson.org>’
No Authors@R field in DESCRIPTION.
Please add one, modifying
Authors@R: person(given = "Jaejoon",
family = "Song",
role = c("aut", "cre"),
email = "jjsong2@mdanderson.org")
as necessary.
Flavors: r-devel-linux-x86_64-debian-clang, r-devel-linux-x86_64-debian-gcc