Last updated on 2025-11-02 02:50:55 CET.
| Flavor | Version | Tinstall | Tcheck | Ttotal | Status | Flags |
|---|---|---|---|---|---|---|
| r-devel-linux-x86_64-debian-clang | 0.1.2 | 17.10 | 92.84 | 109.94 | NOTE | |
| r-devel-linux-x86_64-debian-gcc | 0.1.2 | 11.88 | 66.87 | 78.75 | NOTE | |
| r-devel-linux-x86_64-fedora-clang | 0.1.2 | 41.00 | 144.54 | 185.54 | OK | |
| r-devel-linux-x86_64-fedora-gcc | 0.1.2 | 89.00 | 118.75 | 207.75 | OK | |
| r-devel-windows-x86_64 | 0.1.2 | 19.00 | 120.00 | 139.00 | OK | |
| r-patched-linux-x86_64 | 0.1.2 | 17.83 | 87.60 | 105.43 | OK | |
| r-release-linux-x86_64 | 0.1.2 | 18.30 | 84.72 | 103.02 | OK | |
| r-release-macos-arm64 | 0.1.2 | 9.00 | 73.00 | 82.00 | OK | |
| r-release-macos-x86_64 | 0.1.2 | 10.00 | 114.00 | 124.00 | OK | |
| r-release-windows-x86_64 | 0.1.2 | 20.00 | 119.00 | 139.00 | OK | |
| r-oldrel-macos-arm64 | 0.1.2 | 8.00 | 46.00 | 54.00 | OK | |
| r-oldrel-macos-x86_64 | 0.1.2 | 9.00 | 67.00 | 76.00 | OK | |
| r-oldrel-windows-x86_64 | 0.1.2 | 20.00 | 154.00 | 174.00 | OK |
Version: 0.1.2
Check: CRAN incoming feasibility
Result: NOTE
Maintainer: ‘Rainer Machne <raim@tbi.univie.ac.at>’
No Authors@R field in DESCRIPTION.
Please add one, modifying
Authors@R: c(person(given = "Rainer",
family = "Machne",
role = c("aut", "cre"),
email = "raim@tbi.univie.ac.at"),
person(given = c("Douglas", "B."),
family = "Murray",
role = "aut"),
person(given = c("Peter", "F."),
family = "Stadler",
role = "aut"))
as necessary.
Flavors: r-devel-linux-x86_64-debian-clang, r-devel-linux-x86_64-debian-gcc