Last updated on 2025-05-05 01:51:02 CEST.
Flavor | Version | Tinstall | Tcheck | Ttotal | Status | Flags |
---|---|---|---|---|---|---|
r-devel-linux-x86_64-debian-clang | 1.3.4 | 7.41 | 56.41 | 63.82 | OK | |
r-devel-linux-x86_64-debian-gcc | 1.3.4 | 4.44 | 42.08 | 46.52 | OK | |
r-devel-linux-x86_64-fedora-clang | 1.3.4 | 109.15 | NOTE | |||
r-devel-linux-x86_64-fedora-gcc | 1.3.4 | 100.90 | NOTE | |||
r-devel-windows-x86_64 | 1.3.4 | 9.00 | 74.00 | 83.00 | OK | |
r-patched-linux-x86_64 | 1.3.4 | 7.53 | 53.04 | 60.57 | OK | |
r-release-linux-x86_64 | 1.3.4 | 6.53 | 53.79 | 60.32 | OK | |
r-release-macos-arm64 | 1.3.4 | 32.00 | OK | |||
r-release-macos-x86_64 | 1.3.4 | 53.00 | OK | |||
r-release-windows-x86_64 | 1.3.4 | 9.00 | 74.00 | 83.00 | OK | |
r-oldrel-macos-arm64 | 1.3.4 | 29.00 | NOTE | |||
r-oldrel-macos-x86_64 | 1.3.4 | 43.00 | NOTE | |||
r-oldrel-windows-x86_64 | 1.3.4 | 13.00 | 91.00 | 104.00 | NOTE |
Version: 1.3.4
Check: dependencies in R code
Result: NOTE
Namespaces in Imports field not imported from:
‘cluster’ ‘factoextra’ ‘tidyr’
All declared Imports should be used.
Flavors: r-devel-linux-x86_64-fedora-clang, r-devel-linux-x86_64-fedora-gcc
Version: 1.3.4
Check: LazyData
Result: NOTE
'LazyData' is specified without a 'data' directory
Flavors: r-oldrel-macos-arm64, r-oldrel-macos-x86_64, r-oldrel-windows-x86_64