Last updated on 2024-05-21 02:02:20 CEST.
Flavor | Version | Tinstall | Tcheck | Ttotal | Status | Flags |
---|---|---|---|---|---|---|
r-devel-linux-x86_64-debian-clang | 0.1.0 | 2.55 | 20.96 | 23.51 | NOTE | |
r-devel-linux-x86_64-debian-gcc | 0.1.0 | 1.79 | 16.11 | 17.90 | NOTE | |
r-devel-linux-x86_64-fedora-clang | 0.1.0 | 29.65 | NOTE | |||
r-devel-linux-x86_64-fedora-gcc | 0.1.0 | 27.47 | NOTE | |||
r-devel-windows-x86_64 | 0.1.0 | 5.00 | 38.00 | 43.00 | NOTE | |
r-patched-linux-x86_64 | 0.1.0 | 2.22 | 19.52 | 21.74 | NOTE | |
r-release-linux-x86_64 | 0.1.0 | 1.96 | 19.59 | 21.55 | NOTE | |
r-release-macos-arm64 | 0.1.0 | 15.00 | NOTE | |||
r-release-windows-x86_64 | 0.1.0 | 5.00 | 38.00 | 43.00 | NOTE | |
r-oldrel-macos-arm64 | 0.1.0 | 15.00 | NOTE | |||
r-oldrel-macos-x86_64 | 0.1.0 | 18.00 | NOTE | |||
r-oldrel-windows-x86_64 | 0.1.0 | 5.00 | 38.00 | 43.00 | NOTE |
Version: 0.1.0
Check: LazyData
Result: NOTE
'LazyData' is specified without a 'data' directory
Flavors: r-devel-linux-x86_64-debian-clang, r-devel-linux-x86_64-debian-gcc, r-devel-linux-x86_64-fedora-clang, r-devel-linux-x86_64-fedora-gcc, r-devel-windows-x86_64, r-patched-linux-x86_64, r-release-linux-x86_64, r-release-macos-arm64, r-release-windows-x86_64, r-oldrel-macos-arm64, r-oldrel-macos-x86_64, r-oldrel-windows-x86_64
Version: 0.1.0
Check: dependencies in R code
Result: NOTE
Namespaces in Imports field not imported from:
‘dplyr’ ‘lavaan’ ‘psych’ ‘semPlot’ ‘semTools’ ‘shinyAce’
All declared Imports should be used.
Flavors: r-devel-linux-x86_64-fedora-clang, r-devel-linux-x86_64-fedora-gcc