Last updated on 2024-05-21 02:02:20 CEST.
Flavor | Version | Tinstall | Tcheck | Ttotal | Status | Flags |
---|---|---|---|---|---|---|
r-devel-linux-x86_64-debian-clang | 0.2.0 | 24.95 | 38.18 | 63.13 | NOTE | |
r-devel-linux-x86_64-debian-gcc | 0.2.0 | 20.75 | 28.78 | 49.53 | NOTE | |
r-devel-linux-x86_64-fedora-clang | 0.2.0 | 98.48 | NOTE | |||
r-devel-linux-x86_64-fedora-gcc | 0.2.0 | 101.89 | NOTE | |||
r-devel-windows-x86_64 | 0.2.0 | 22.00 | 67.00 | 89.00 | NOTE | |
r-patched-linux-x86_64 | 0.2.0 | 24.39 | 35.91 | 60.30 | NOTE | |
r-release-linux-x86_64 | 0.2.0 | 27.07 | 36.17 | 63.24 | NOTE | |
r-release-macos-arm64 | 0.2.0 | 32.00 | NOTE | |||
r-release-windows-x86_64 | 0.2.0 | 23.00 | 67.00 | 90.00 | NOTE | |
r-oldrel-macos-arm64 | 0.2.0 | 38.00 | NOTE | |||
r-oldrel-macos-x86_64 | 0.2.0 | 55.00 | NOTE | |||
r-oldrel-windows-x86_64 | 0.2.0 | 24.00 | 77.00 | 101.00 | NOTE |
Version: 0.2.0
Check: C++ specification
Result: NOTE
Specified C++11: please drop specification unless essential
Flavors: r-devel-linux-x86_64-debian-clang, r-devel-linux-x86_64-debian-gcc, r-devel-linux-x86_64-fedora-clang, r-devel-linux-x86_64-fedora-gcc, r-devel-windows-x86_64, r-patched-linux-x86_64, r-release-linux-x86_64, r-release-macos-arm64, r-release-windows-x86_64, r-oldrel-macos-arm64, r-oldrel-macos-x86_64, r-oldrel-windows-x86_64
Version: 0.2.0
Check: LazyData
Result: NOTE
'LazyData' is specified without a 'data' directory
Flavors: r-devel-linux-x86_64-debian-clang, r-devel-linux-x86_64-debian-gcc, r-devel-linux-x86_64-fedora-clang, r-devel-linux-x86_64-fedora-gcc, r-devel-windows-x86_64, r-patched-linux-x86_64, r-release-linux-x86_64, r-release-macos-arm64, r-release-windows-x86_64, r-oldrel-macos-arm64, r-oldrel-macos-x86_64, r-oldrel-windows-x86_64
Version: 0.2.0
Check: compiled code
Result: NOTE
File ‘semver/libs/semver.so’:
Found no calls to: ‘R_registerRoutines’, ‘R_useDynamicSymbols’
It is good practice to register native routines and to disable symbol
search.
See ‘Writing portable packages’ in the ‘Writing R Extensions’ manual.
Flavors: r-devel-linux-x86_64-fedora-clang, r-devel-linux-x86_64-fedora-gcc