Last updated on 2024-05-21 02:02:20 CEST.
Flavor | Version | Tinstall | Tcheck | Ttotal | Status | Flags |
---|---|---|---|---|---|---|
r-devel-linux-x86_64-debian-clang | 0.8.5 | 22.12 | 247.43 | 269.55 | NOTE | |
r-devel-linux-x86_64-debian-gcc | 0.8.5 | 15.17 | 181.19 | 196.36 | NOTE | |
r-devel-linux-x86_64-fedora-clang | 0.8.5 | 338.42 | NOTE | |||
r-devel-linux-x86_64-fedora-gcc | 0.8.5 | 343.33 | NOTE | |||
r-devel-windows-x86_64 | 0.8.5 | 23.00 | 195.00 | 218.00 | NOTE | |
r-patched-linux-x86_64 | 0.8.5 | 23.83 | 234.38 | 258.21 | NOTE | |
r-release-linux-x86_64 | 0.8.5 | 21.93 | 237.49 | 259.42 | NOTE | |
r-release-macos-arm64 | 0.8.5 | 98.00 | NOTE | |||
r-release-windows-x86_64 | 0.8.5 | 23.00 | 199.00 | 222.00 | NOTE | |
r-oldrel-macos-arm64 | 0.8.5 | 124.00 | OK | |||
r-oldrel-macos-x86_64 | 0.8.5 | 194.00 | OK | |||
r-oldrel-windows-x86_64 | 0.8.5 | 28.00 | 244.00 | 272.00 | OK |
Version: 0.8.5
Check: Rd files
Result: NOTE
checkRd: (-1) match_dataphy.Rd:37-38: Lost braces in \itemize; meant \describe ?
checkRd: (-1) match_dataphy.Rd:39-41: Lost braces in \itemize; meant \describe ?
checkRd: (-1) match_dataphy.Rd:42-44: Lost braces in \itemize; meant \describe ?
Flavors: r-devel-linux-x86_64-debian-clang, r-devel-linux-x86_64-debian-gcc, r-devel-linux-x86_64-fedora-clang, r-devel-linux-x86_64-fedora-gcc, r-devel-windows-x86_64, r-patched-linux-x86_64, r-release-linux-x86_64, r-release-macos-arm64, r-release-windows-x86_64