Last updated on 2025-02-21 02:52:25 CET.
Flavor | Version | Tinstall | Tcheck | Ttotal | Status | Flags |
---|---|---|---|---|---|---|
r-devel-linux-x86_64-debian-clang | 4.2-36 | 15.07 | 102.31 | 117.38 | OK | |
r-devel-linux-x86_64-debian-gcc | 4.2-36 | 8.90 | 77.46 | 86.36 | OK | |
r-devel-linux-x86_64-fedora-clang | 4.2-36 | 185.46 | OK | |||
r-devel-linux-x86_64-fedora-gcc | 4.2-36 | 175.50 | OK | |||
r-devel-macos-arm64 | 4.2-36 | 58.00 | OK | |||
r-devel-macos-x86_64 | 4.2-36 | 124.00 | OK | |||
r-devel-windows-x86_64 | 4.2-36 | 22.00 | 146.00 | 168.00 | OK | |
r-patched-linux-x86_64 | 4.2-36 | 17.40 | 98.49 | 115.89 | OK | |
r-release-linux-x86_64 | 4.2-36 | 12.00 | 97.79 | 109.79 | OK | |
r-release-macos-arm64 | 4.2-36 | 58.00 | NOTE | |||
r-release-macos-x86_64 | 4.2-36 | 131.00 | NOTE | |||
r-release-windows-x86_64 | 4.2-36 | 21.00 | 146.00 | 167.00 | NOTE | |
r-oldrel-macos-arm64 | 4.2-36 | 64.00 | NOTE | |||
r-oldrel-macos-x86_64 | 4.2-36 | 137.00 | NOTE | |||
r-oldrel-windows-x86_64 | 4.2-36 | 23.00 | 168.00 | 191.00 | NOTE |
Version: 4.2-36
Check: installed package size
Result: NOTE
installed size is 5.5Mb
sub-directories of 1Mb or more:
data 1.4Mb
sequences 1.9Mb
Flavors: r-release-macos-arm64, r-release-macos-x86_64, r-release-windows-x86_64, r-oldrel-macos-arm64, r-oldrel-macos-x86_64, r-oldrel-windows-x86_64