Last updated on 2025-05-01 01:49:46 CEST.
Flavor | Version | Tinstall | Tcheck | Ttotal | Status | Flags |
---|---|---|---|---|---|---|
r-devel-linux-x86_64-debian-clang | 1.5.7 | 15.18 | 188.07 | 203.25 | NOTE | |
r-devel-linux-x86_64-debian-gcc | 1.5.7 | 10.46 | 168.10 | 178.56 | OK | |
r-devel-linux-x86_64-fedora-clang | 1.5.7 | 294.58 | OK | |||
r-devel-linux-x86_64-fedora-gcc | 1.5.7 | 297.95 | OK | |||
r-devel-windows-x86_64 | 1.5.7 | 22.00 | 236.00 | 258.00 | OK | |
r-patched-linux-x86_64 | 1.5.7 | 16.55 | 177.20 | 193.75 | OK | |
r-release-linux-x86_64 | 1.5.7 | 13.38 | 181.29 | 194.67 | OK | |
r-release-macos-arm64 | 1.5.7 | 128.00 | OK | |||
r-release-macos-x86_64 | 1.5.7 | 282.00 | OK | |||
r-release-windows-x86_64 | 1.5.7 | 24.00 | 234.00 | 258.00 | OK | |
r-oldrel-macos-arm64 | 1.5.7 | 108.00 | OK | |||
r-oldrel-macos-x86_64 | 1.5.7 | 286.00 | OK | |||
r-oldrel-windows-x86_64 | 1.5.7 | 24.00 | 273.00 | 297.00 | OK |
Version: 1.5.7
Check: examples
Result: NOTE
Examples with CPU (user + system) or elapsed time > 5s
user system elapsed
seriate_best 8.456 0.039 10.845
hmap 6.651 0.040 8.512
pimage 6.375 0.042 7.845
dissplot 6.323 0.035 7.719
seriate 4.450 0.001 5.581
ser_dist 4.441 0.000 5.484
VAT 4.315 0.076 6.710
Flavor: r-devel-linux-x86_64-debian-clang
Version: 1.5.7
Check: examples
Result: NA
user system elapsed
seriate_best 8.739 0.004 9.147
hmap 6.274 0.049 6.330
pimage 6.256 0.008 6.445
dissplot 5.940 0.036 6.222
seriate 4.552 0.043 5.167
OK
Flavor: r-devel-linux-x86_64-debian-gcc