CRAN Package Check Results for Package serosv

Last updated on 2025-05-01 01:49:46 CEST.

Flavor Version Tinstall Tcheck Ttotal Status Flags
r-devel-linux-x86_64-debian-clang 1.1.0 376.11 456.16 832.27 NOTE
r-devel-linux-x86_64-debian-gcc 1.1.0 347.39 422.90 770.29 OK
r-devel-linux-x86_64-fedora-clang 1.1.0 1379.62 OK
r-devel-linux-x86_64-fedora-gcc 1.1.0 1565.01 OK
r-devel-windows-x86_64 1.1.0 436.00 545.00 981.00 OK
r-patched-linux-x86_64 1.1.0 481.10 537.80 1018.90 OK
r-release-linux-x86_64 1.1.0 479.12 467.55 946.67 OK
r-release-macos-arm64 1.1.0 230.00 OK
r-release-macos-x86_64 1.1.0 346.00 OK
r-release-windows-x86_64 1.1.0 436.00 524.00 960.00 OK
r-oldrel-macos-arm64 1.1.0 269.00 NOTE
r-oldrel-macos-x86_64 1.1.0 398.00 NOTE
r-oldrel-windows-x86_64 1.1.0 481.00 688.00 1169.00 NOTE

Check Details

Version: 1.1.0
Check: examples
Result: NOTE Examples with CPU (user + system) or elapsed time > 5s user system elapsed find_best_fp_powers 6.088 0.025 7.163 Flavor: r-devel-linux-x86_64-debian-clang

Version: 1.1.0
Check: installed package size
Result: NOTE installed size is 65.1Mb sub-directories of 1Mb or more: doc 1.5Mb help 1.4Mb libs 61.9Mb Flavors: r-oldrel-macos-arm64, r-oldrel-macos-x86_64, r-oldrel-windows-x86_64

Version: 1.1.0
Check: for GNU extensions in Makefiles
Result: NOTE GNU make is a SystemRequirements. Flavors: r-oldrel-macos-arm64, r-oldrel-macos-x86_64, r-oldrel-windows-x86_64