CRAN Package Check Results for Package sf

Last updated on 2025-11-11 01:50:05 CET.

Flavor Version Tinstall Tcheck Ttotal Status Flags
r-devel-linux-x86_64-debian-clang 1.0-21 137.44 336.58 474.02 OK
r-devel-linux-x86_64-debian-gcc 1.0-22 102.06 259.37 361.43 OK
r-devel-linux-x86_64-fedora-clang 1.0-22 431.00 449.00 880.00 ERROR
r-devel-linux-x86_64-fedora-gcc 1.0-22 317.00 398.09 715.09 NOTE
r-devel-windows-x86_64 1.0-21 193.00 778.00 971.00 OK
r-patched-linux-x86_64 1.0-21 152.38 318.57 470.95 OK
r-release-linux-x86_64 1.0-21 146.17 318.13 464.30 OK
r-release-macos-arm64 1.0-22 60.00 142.00 202.00 NOTE
r-release-macos-x86_64 1.0-22 109.00 406.00 515.00 NOTE
r-release-windows-x86_64 1.0-21 189.00 805.00 994.00 OK
r-oldrel-macos-arm64 1.0-22 59.00 162.00 221.00 NOTE
r-oldrel-macos-x86_64 1.0-22 106.00 383.00 489.00 NOTE
r-oldrel-windows-x86_64 1.0-21 227.00 1092.00 1319.00 NOTE

Additional issues

M1mac

Check Details

Version: 1.0-22
Check: tests
Result: ERROR Running ‘aggregate.R’ Comparing ‘aggregate.Rout’ to ‘aggregate.Rout.save’ ... OK Running ‘cast.R’ [4s/11s] Comparing ‘cast.Rout’ to ‘cast.Rout.save’ ... OK Running ‘crs.R’ Comparing ‘crs.Rout’ to ‘crs.Rout.save’ ... OK Running ‘dist.R’ Comparing ‘dist.Rout’ to ‘dist.Rout.save’ ... OK Running ‘dplyr.R’ [7s/19s] Comparing ‘dplyr.Rout’ to ‘dplyr.Rout.save’ ... OK Running ‘empty.R’ Comparing ‘empty.Rout’ to ‘empty.Rout.save’ ... OK Running ‘full.R’ Comparing ‘full.Rout’ to ‘full.Rout.save’ ... OK Running ‘gdal_geom.R’ Comparing ‘gdal_geom.Rout’ to ‘gdal_geom.Rout.save’ ...244,248c244,248 < [1,] 1760242094 0.114 < [2,] 946426033 0.061 < [3,] 2202239126 0.143 < [4,] 1074338664 0.070 < [5,] 2352518951 0.153 --- > [1,] 1760230516 0.114 > [2,] 946417787 0.061 > [3,] 2202223078 0.143 > [4,] 1074332698 0.070 > [5,] 2352528086 0.153 Running ‘geos.R’ [53s/119s] Comparing ‘geos.Rout’ to ‘geos.Rout.save’ ...13,22c13,22 < [1,] 0.00 0.00 25652.42 440561.04 299772.09 361529.39 419671.11 < [2,] 0.00 0.00 0.00 409428.55 268944.32 332589.77 388544.57 < [3,] 25652.42 0.00 0.00 367555.46 227017.50 290297.11 346667.96 < [4,] 440561.04 409428.55 367555.46 0.00 67226.88 45537.78 0.00 < [5,] 299772.09 268944.32 227017.50 67226.88 0.00 0.00 46527.48 < [6,] 361529.39 332589.77 290297.11 45537.78 0.00 0.00 30213.34 < [7,] 419671.11 388544.57 346667.96 0.00 46527.48 30213.34 0.00 < [8,] 384592.69 354294.05 312350.59 16130.19 11926.78 0.00 0.00 < [9,] 262354.14 231217.46 189310.29 140455.85 0.00 64606.20 119563.76 < [10,] 71139.12 41943.86 0.00 330751.41 190182.42 252372.08 309862.03 --- > [1,] 0.00 0.00 25651.99 440561.48 299772.34 361529.73 419671.66 > [2,] 0.00 0.00 0.00 409429.44 268945.05 332590.52 388545.58 > [3,] 25651.99 0.00 0.00 367556.52 227018.38 290298.04 346669.14 > [4,] 440561.48 409429.44 367556.52 0.00 67226.86 45537.62 0.00 > [5,] 299772.34 268945.05 227018.38 67226.86 0.00 0.00 46527.56 > [6,] 361529.73 332590.52 290298.04 45537.62 0.00 0.00 30213.17 > [7,] 419671.66 388545.58 346669.14 0.00 46527.56 30213.17 0.00 > [8,] 384593.29 354295.06 312351.76 16130.19 11926.86 0.00 0.00 > [9,] 262353.97 231217.73 189310.73 140455.97 0.00 64606.27 119564.00 > [10,] 71138.53 41943.71 0.00 330752.58 190183.42 252373.26 309863.33 24,33c24,33 < [1,] 384592.69 262354.14 71139.12 < [2,] 354294.05 231217.46 41943.86 < [3,] 312350.59 189310.29 0.00 < [4,] 16130.19 140455.85 330751.41 < [5,] 11926.78 0.00 190182.42 < [6,] 0.00 64606.20 252372.08 < [7,] 0.00 119563.76 309862.03 < [8,] 0.00 85533.06 275389.73 < [9,] 85533.06 0.00 152488.90 < [10,] 275389.73 152488.90 0.00 --- > [1,] 384593.29 262353.97 71138.53 > [2,] 354295.06 231217.73 41943.71 > [3,] 312351.76 189310.73 0.00 > [4,] 16130.19 140455.97 330752.58 > [5,] 11926.86 0.00 190183.42 > [6,] 0.00 64606.27 252373.26 > [7,] 0.00 119564.00 309863.33 > [8,] 0.00 85533.33 275391.07 > [9,] 85533.33 0.00 152489.45 > [10,] 275391.07 152489.45 0.00 Running ‘graticule.R’ [7s/13s] Comparing ‘graticule.Rout’ to ‘graticule.Rout.save’ ... OK Running ‘grid.R’ Comparing ‘grid.Rout’ to ‘grid.Rout.save’ ... OK Running ‘maps.R’ Comparing ‘maps.Rout’ to ‘maps.Rout.save’ ... OK Running ‘plot.R’ [15s/22s] Comparing ‘plot.Rout’ to ‘plot.Rout.save’ ... OK Running ‘read.R’ [9s/13s] Comparing ‘read.Rout’ to ‘read.Rout.save’ ... OK Running ‘roundtrip.R’ Comparing ‘roundtrip.Rout’ to ‘roundtrip.Rout.save’ ... OK Running ‘s2.R’ Comparing ‘s2.Rout’ to ‘s2.Rout.save’ ... OK Running ‘sample.R’ Comparing ‘sample.Rout’ to ‘sample.Rout.save’ ... OK Running ‘sfc.R’ [27s/36s] Comparing ‘sfc.Rout’ to ‘sfc.Rout.save’ ...614c614 < Bounding box: xmin: 406261.8 ymin: 48374.95 xmax: 3052888 ymax: 1044157 --- > Bounding box: xmin: 406265 ymin: 48359.7 xmax: 3052877 ymax: 1044143 629,633c629,633 < 1 10 1364 0 19 A 4 #fb80724d MULTIPOLYGON (((1270815 913... < 2 10 542 3 12 A 4 #fb80724d MULTIPOLYGON (((1340555 959... < 3 208 3616 6 260 A 5 #80b1d34d MULTIPOLYGON (((1570591 910... < 4 123 830 2 145 A 10 #bc80bd4d MULTIPOLYGON (((2881208 948... < 5 1066 1606 3 1197 A 8 #fccde54d MULTIPOLYGON (((2525701 911... --- > 1 10 1364 0 19 A 4 #fb80724d MULTIPOLYGON (((1270813 913... > 2 10 542 3 12 A 4 #fb80724d MULTIPOLYGON (((1340553 959... > 3 208 3616 6 260 A 5 #80b1d34d MULTIPOLYGON (((1570586 910... > 4 123 830 2 145 A 10 #bc80bd4d MULTIPOLYGON (((2881206 948... > 5 1066 1606 3 1197 A 8 #fccde54d MULTIPOLYGON (((2525700 911... 635,638c635,638 < 7 115 350 2 139 A 10 #bc80bd4d MULTIPOLYGON (((2881208 948... < 8 254 594 2 371 A 9 #d9d9d94d MULTIPOLYGON (((2717989 951... < 9 748 1190 2 844 A 8 #fccde54d MULTIPOLYGON (((2203890 914... < 10 160 2038 5 176 A 5 #80b1d34d MULTIPOLYGON (((1697623 911... --- > 7 115 350 2 139 A 10 #bc80bd4d MULTIPOLYGON (((2881206 948... > 8 254 594 2 371 A 9 #d9d9d94d MULTIPOLYGON (((2717988 951... > 9 748 1190 2 844 A 8 #fccde54d MULTIPOLYGON (((2203888 914... > 10 160 2038 5 176 A 5 #80b1d34d MULTIPOLYGON (((1697618 911... 721c721 < Bounding box: xmin: 1216510 ymin: 935867 xmax: 1428880 ymax: 1031510 --- > Bounding box: xmin: 1216510 ymin: 935852 xmax: 1428880 ymax: 1031490 724,728c724,728 < POINT (1264559 935867) < POINT (1256623 949384) < POINT (1222665 972639) < POINT (1333530 968278) < POINT (1310838 958645) --- > POINT (1264558 935852) > POINT (1256623 949369) > POINT (1222665 972624) > POINT (1333528 968263) > POINT (1310837 958630) 738c738 < Bounding box: xmin: -81.6893 ymin: 36.2492 xmax: -80.914 ymax: 36.5726 --- > Bounding box: xmin: -81.6893 ymin: 36.2491 xmax: -80.914 ymax: 36.5726 Running ‘sfg.R’ Comparing ‘sfg.Rout’ to ‘sfg.Rout.save’ ... OK Running ‘spatstat.R’ [8s/10s] Comparing ‘spatstat.Rout’ to ‘spatstat.Rout.save’ ... OK Running ‘stars.R’ [8s/11s] Running ‘testthat.R’ [41s/53s] Running ‘units.R’ Comparing ‘units.Rout’ to ‘units.Rout.save’ ... OK Running ‘wkb.R’ Comparing ‘wkb.Rout’ to ‘wkb.Rout.save’ ... OK Running the tests in ‘tests/stars.R’ failed. Complete output: > suppressPackageStartupMessages(library(sf)) > > tif = system.file("tif/geomatrix.tif", package = "sf") > > gdal_metadata(tif) [1] "AREA_OR_POINT=Point" > gdal_metadata(tif, NA_character_) [1] "IMAGE_STRUCTURE" "DERIVED_SUBDATASETS" "" > try(gdal_metadata(tif, "wrongDomain")) Error in gdal_metadata(tif, "wrongDomain") : domain_item[1] not found in available metadata domains > gdal_metadata(tif, c("IMAGE_STRUCTURE")) $INTERLEAVE [1] "BAND" attr(,"class") [1] "gdal_metadata" > try(length(gdal_metadata(tif, c("DERIVED_SUBDATASETS")))) # fails on Fedora 26 [1] 2 > > if (require(stars, quietly = TRUE)) { + tif = system.file("tif/geomatrix.tif", package = "sf") + r = read_stars(tif) + d = (st_dimensions(r)) + gt = c(1841001.75, 1.5, -5, 1144003.25, -5, -1.5) + x1 = st_as_sfc(d, as_points = TRUE, use_cpp = TRUE, geotransform = gt) + x2 = st_as_sfc(d, as_points = TRUE, use_cpp = FALSE, geotransform = gt) + print(identical(x1, x2)) + y1 = st_as_sfc(d, as_points = FALSE, use_cpp = TRUE, geotransform = gt) + y2 = st_as_sfc(d, as_points = FALSE, use_cpp = FALSE, geotransform = gt) + print(identical(y1, y2)) + + # rectilinear grid: + m = matrix(1:20, nrow = 5, ncol = 4) + x = c(0,0.5,1,2,4,5) + y = c(0.3,0.5,1,2,2.2) + r = st_as_stars(list(m = m), dimensions = st_dimensions(x = x, y = y, .raster = c("x", "y"))) + print(st_as_sfc(st_dimensions(r), as_points = TRUE)) + print(st_as_sfc(st_dimensions(r), as_points = FALSE)) + + # curvilinear grid: + lon = st_as_stars(matrix(1:5, 4, 5, byrow = TRUE)) + lat = st_as_stars(matrix(1:4, 4, 5)) + ll = c(X1 = lon, X2 = lat) + curv = st_as_stars(st_as_stars(t(m)), curvilinear = setNames(ll, c("X1", "X2"))) + print(st_as_sfc(st_dimensions(curv), as_points = TRUE)) + print(st_as_sfc(st_dimensions(curv), as_points = FALSE)) + + demo(nc, echo = FALSE, ask = FALSE) + print(x <- st_rasterize(nc)) # default grid: + print(p <- st_as_sf(x, as_points = FALSE)) # polygonize: follow raster boundaries + print(p <- st_as_sf(x, as_points = FALSE, use_integer = TRUE)) # polygonize integers: follow raster boundaries + print(try(p <- st_as_sf(x, as_points = TRUE))) # polygonize: contour, requies GDAL >= 2.4.0 + if (utils::packageVersion("stars") >= "0.2-1") { + write_stars(read_stars(tif), tempfile(fileext = ".tif")) + write_stars(read_stars(tif, proxy = TRUE), tempfile(fileext = ".tif")) + write_stars(read_stars(tif, proxy = TRUE), tempfile(fileext = ".tif"), chunk_size = c(200,200)) + na.tif = read_stars(system.file("tif/na.tif", package = "stars")) + write_stars(na.tif, "na.tif") + write_stars(na.tif, "na.tif", NA_value = -999) + na.tif = read_stars(system.file("tif/na.tif", package = "stars"), NA_value = -999) + write_stars(na.tif, "na.tif") + write_stars(na.tif, "na.tif", NA_value = -999) + na.tif = read_stars(system.file("tif/na.tif", package = "stars"), NA_value = -999, proxy = TRUE) + write_stars(na.tif, "na.tif") + write_stars(na.tif, "na.tif", NA_value = -999) + } + # https://github.com/mtennekes/tmap/issues/368 + if (utils::packageVersion("stars") > "0.4-0") { + lc = system.file('tif/lc.tif', package = 'stars') + if (lc != "") { + r = read_stars(lc, RAT = "Land Cover Class") + r <- droplevels(r) + } + } + } [1] TRUE [1] TRUE Geometry set for 20 features Geometry type: POINT Dimension: XY Bounding box: xmin: 0.25 ymin: 0.4 xmax: 4.5 ymax: 2.1 CRS: NA First 5 geometries: POINT (0.25 0.4) POINT (0.75 0.4) POINT (1.5 0.4) POINT (3 0.4) POINT (4.5 0.4) Geometry set for 20 features Geometry type: POLYGON Dimension: XY Bounding box: xmin: 0 ymin: 0.3 xmax: 5 ymax: 2.2 CRS: NA First 5 geometries: POLYGON ((0 0.3, 0.5 0.3, 0.5 0.5, 0 0.5, 0 0.3)) POLYGON ((0.5 0.3, 1 0.3, 1 0.5, 0.5 0.5, 0.5 0... POLYGON ((1 0.3, 2 0.3, 2 0.5, 1 0.5, 1 0.3)) POLYGON ((2 0.3, 4 0.3, 4 0.5, 2 0.5, 2 0.3)) POLYGON ((4 0.3, 5 0.3, 5 0.5, 4 0.5, 4 0.3)) Geometry set for 20 features Geometry type: POINT Dimension: XY Bounding box: xmin: 1 ymin: 1 xmax: 5 ymax: 4 Geodetic CRS: WGS 84 (CRS84) First 5 geometries: POINT (1 1) POINT (1 2) POINT (1 3) POINT (1 4) POINT (2 1) Geometry set for 20 features Geometry type: POLYGON Dimension: XY Bounding box: xmin: 0.5 ymin: 0.5 xmax: 5.5 ymax: 4.5 Geodetic CRS: WGS 84 (CRS84) First 5 geometries: POLYGON ((0.5 0.5, 0.5 1.5, 1.5 1.5, 1.5 0.5, 0... POLYGON ((0.5 1.5, 0.5 2.5, 1.5 2.5, 1.5 1.5, 0... POLYGON ((0.5 2.5, 0.5 3.5, 1.5 3.5, 1.5 2.5, 0... POLYGON ((0.5 3.5, 0.5 4.5, 1.5 4.5, 1.5 3.5, 0... POLYGON ((1.5 0.5, 1.5 1.5, 2.5 1.5, 2.5 0.5, 1... stars object with 2 dimensions and 12 attributes attribute(s): Min. 1st Qu. Median Mean 3rd Qu. Max. NA's AREA 0.042 0.108 0.142 1.451932e-01 0.181 0.241 30904 PERIMETER 0.999 1.461 1.716 1.786110e+00 2.004 3.640 30904 CNTY_ 1825.000 1907.000 1989.000 1.998403e+03 2085.000 2241.000 30904 CNTY_ID 1825.000 1907.000 1989.000 1.998403e+03 2085.000 2241.000 30904 FIPSNO 37001.000 37049.000 37101.000 3.710042e+04 37153.000 37199.000 30904 CRESS_ID 1.000 25.000 51.000 5.071206e+01 77.000 100.000 30904 BIR74 248.000 1323.000 2648.000 3.791637e+03 4139.000 21588.000 30904 SID74 0.000 3.000 5.000 7.891985e+00 10.000 44.000 30904 NWBIR74 1.000 297.000 844.000 1.246210e+03 1396.000 8027.000 30904 BIR79 319.000 1606.000 3108.000 4.852046e+03 5400.000 30757.000 30904 SID79 0.000 3.000 6.000 9.584098e+00 13.000 57.000 30904 NWBIR79 3.000 360.000 1058.000 1.604642e+03 1524.000 11631.000 30904 dimension(s): from to offset delta refsys point x/y x 1 461 -84.32 0.01925 NAD27 FALSE [x] y 1 141 36.59 -0.01925 NAD27 FALSE [y] Simple feature collection with 34097 features and 12 fields Geometry type: POLYGON Dimension: XY Bounding box: xmin: -84.32385 ymin: 33.87563 xmax: -75.45034 ymax: 36.58965 Geodetic CRS: NAD27 First 10 features: AREA PERIMETER CNTY_ CNTY_ID FIPSNO CRESS_ID BIR74 SID74 NWBIR74 BIR79 1 0.114 1.442 1825 1825 37009 5 1091 1 10 1364 2 0.114 1.442 1825 1825 37009 5 1091 1 10 1364 3 0.114 1.442 1825 1825 37009 5 1091 1 10 1364 4 0.114 1.442 1825 1825 37009 5 1091 1 10 1364 5 0.114 1.442 1825 1825 37009 5 1091 1 10 1364 6 0.114 1.442 1825 1825 37009 5 1091 1 10 1364 7 0.114 1.442 1825 1825 37009 5 1091 1 10 1364 8 0.114 1.442 1825 1825 37009 5 1091 1 10 1364 9 0.114 1.442 1825 1825 37009 5 1091 1 10 1364 10 0.114 1.442 1825 1825 37009 5 1091 1 10 1364 SID79 NWBIR79 geometry 1 0 19 POLYGON ((-81.66757 36.5896... 2 0 19 POLYGON ((-81.64833 36.5896... 3 0 19 POLYGON ((-81.62908 36.5896... 4 0 19 POLYGON ((-81.60983 36.5896... 5 0 19 POLYGON ((-81.59058 36.5896... 6 0 19 POLYGON ((-81.57133 36.5896... 7 0 19 POLYGON ((-81.55208 36.5896... 8 0 19 POLYGON ((-81.53283 36.5896... 9 0 19 POLYGON ((-81.51359 36.5896... 10 0 19 POLYGON ((-81.49434 36.5896... Simple feature collection with 34097 features and 12 fields Geometry type: POLYGON Dimension: XY Bounding box: xmin: -84.32385 ymin: 33.87563 xmax: -75.45034 ymax: 36.58965 Geodetic CRS: NAD27 First 10 features: AREA PERIMETER CNTY_ CNTY_ID FIPSNO CRESS_ID BIR74 SID74 NWBIR74 BIR79 1 0.114 1.442 1825 1825 37009 5 1091 1 10 1364 2 0.114 1.442 1825 1825 37009 5 1091 1 10 1364 3 0.114 1.442 1825 1825 37009 5 1091 1 10 1364 4 0.114 1.442 1825 1825 37009 5 1091 1 10 1364 5 0.114 1.442 1825 1825 37009 5 1091 1 10 1364 6 0.114 1.442 1825 1825 37009 5 1091 1 10 1364 7 0.114 1.442 1825 1825 37009 5 1091 1 10 1364 8 0.114 1.442 1825 1825 37009 5 1091 1 10 1364 9 0.114 1.442 1825 1825 37009 5 1091 1 10 1364 10 0.114 1.442 1825 1825 37009 5 1091 1 10 1364 SID79 NWBIR79 geometry 1 0 19 POLYGON ((-81.66757 36.5896... 2 0 19 POLYGON ((-81.64833 36.5896... 3 0 19 POLYGON ((-81.62908 36.5896... 4 0 19 POLYGON ((-81.60983 36.5896... 5 0 19 POLYGON ((-81.59058 36.5896... 6 0 19 POLYGON ((-81.57133 36.5896... 7 0 19 POLYGON ((-81.55208 36.5896... 8 0 19 POLYGON ((-81.53283 36.5896... 9 0 19 POLYGON ((-81.51359 36.5896... 10 0 19 POLYGON ((-81.49434 36.5896... Simple feature collection with 34097 features and 12 fields Geometry type: POINT Dimension: XY Bounding box: xmin: -84.31423 ymin: 33.88525 xmax: -75.45997 ymax: 36.58003 Geodetic CRS: NAD27 First 10 features: AREA PERIMETER CNTY_ CNTY_ID FIPSNO CRESS_ID BIR74 SID74 NWBIR74 BIR79 1 0.114 1.442 1825 1825 37009 5 1091 1 10 1364 2 0.114 1.442 1825 1825 37009 5 1091 1 10 1364 3 0.114 1.442 1825 1825 37009 5 1091 1 10 1364 4 0.114 1.442 1825 1825 37009 5 1091 1 10 1364 5 0.114 1.442 1825 1825 37009 5 1091 1 10 1364 6 0.114 1.442 1825 1825 37009 5 1091 1 10 1364 7 0.114 1.442 1825 1825 37009 5 1091 1 10 1364 8 0.114 1.442 1825 1825 37009 5 1091 1 10 1364 9 0.114 1.442 1825 1825 37009 5 1091 1 10 1364 10 0.114 1.442 1825 1825 37009 5 1091 1 10 1364 SID79 NWBIR79 geometry 1 0 19 POINT (-81.65795 36.58003) 2 0 19 POINT (-81.6387 36.58003) 3 0 19 POINT (-81.61945 36.58003) 4 0 19 POINT (-81.6002 36.58003) 5 0 19 POINT (-81.58096 36.58003) 6 0 19 POINT (-81.56171 36.58003) 7 0 19 POINT (-81.54246 36.58003) 8 0 19 POINT (-81.52321 36.58003) 9 0 19 POINT (-81.50396 36.58003) 10 0 19 POINT (-81.48471 36.58003) > > r = gdal_read(tif) > gt = c(0,1,0,0,0,1) > gdal_inv_geotransform(gt) [1] 0 1 0 0 0 1 > rc = expand.grid(x=1:3, y = 1:3) > #(xy = xy_from_colrow(rc, gt)) > #xy_from_colrow(xy, gt, inverse = TRUE) > crs <- gdal_crs(tif) > > try(gdal_metadata("foo")) [1] NA > gdal_metadata(tif) [1] "AREA_OR_POINT=Point" > > if (require(stars, quietly = TRUE)) { + p = normalizePath(system.file("nc/ones.zarr.zip", package = "sf")) + z = paste0('ZARR:/vsizip/"', p, '"/ones.zarr') + gdal_utils("mdiminfo", z) + cat("\n") + print(read_stars(z, normalize_path = FALSE)) + print(read_mdim(z, normalize_path = FALSE)) + } failed to open ZARR:/vsizip/"/data/gannet/ripley/R/packages/tests-clang/sf.Rcheck/sf/nc/ones.zarr.zip"/ones.zarr Error: Error opening data source In addition: Warning message: In CPL_gdalmdiminfo(source, options, oo, config_options) : GDAL Error 1: Decompressor blosc not handled Execution halted Flavor: r-devel-linux-x86_64-fedora-clang

Version: 1.0-22
Check: tests
Result: NOTE Running ‘aggregate.R’ Comparing ‘aggregate.Rout’ to ‘aggregate.Rout.save’ ... OK Running ‘cast.R’ Comparing ‘cast.Rout’ to ‘cast.Rout.save’ ... OK Running ‘crs.R’ Comparing ‘crs.Rout’ to ‘crs.Rout.save’ ... OK Running ‘dist.R’ Comparing ‘dist.Rout’ to ‘dist.Rout.save’ ... OK Running ‘dplyr.R’ Comparing ‘dplyr.Rout’ to ‘dplyr.Rout.save’ ... OK Running ‘empty.R’ Comparing ‘empty.Rout’ to ‘empty.Rout.save’ ... OK Running ‘full.R’ Comparing ‘full.Rout’ to ‘full.Rout.save’ ... OK Running ‘gdal_geom.R’ Comparing ‘gdal_geom.Rout’ to ‘gdal_geom.Rout.save’ ...244,248c244,248 < [1,] 1760242094 0.114 < [2,] 946426033 0.061 < [3,] 2202239126 0.143 < [4,] 1074338664 0.070 < [5,] 2352518951 0.153 --- > [1,] 1760230516 0.114 > [2,] 946417787 0.061 > [3,] 2202223078 0.143 > [4,] 1074332698 0.070 > [5,] 2352528086 0.153 Running ‘geos.R’ [37s/37s] Comparing ‘geos.Rout’ to ‘geos.Rout.save’ ...13,22c13,22 < [1,] 0.00 0.00 25652.42 440561.04 299772.09 361529.39 419671.11 < [2,] 0.00 0.00 0.00 409428.55 268944.32 332589.77 388544.57 < [3,] 25652.42 0.00 0.00 367555.46 227017.50 290297.11 346667.96 < [4,] 440561.04 409428.55 367555.46 0.00 67226.88 45537.78 0.00 < [5,] 299772.09 268944.32 227017.50 67226.88 0.00 0.00 46527.48 < [6,] 361529.39 332589.77 290297.11 45537.78 0.00 0.00 30213.34 < [7,] 419671.11 388544.57 346667.96 0.00 46527.48 30213.34 0.00 < [8,] 384592.69 354294.05 312350.59 16130.19 11926.78 0.00 0.00 < [9,] 262354.14 231217.46 189310.29 140455.85 0.00 64606.20 119563.76 < [10,] 71139.12 41943.86 0.00 330751.41 190182.42 252372.08 309862.03 --- > [1,] 0.00 0.00 25651.99 440561.48 299772.34 361529.73 419671.66 > [2,] 0.00 0.00 0.00 409429.44 268945.05 332590.52 388545.58 > [3,] 25651.99 0.00 0.00 367556.52 227018.38 290298.04 346669.14 > [4,] 440561.48 409429.44 367556.52 0.00 67226.86 45537.62 0.00 > [5,] 299772.34 268945.05 227018.38 67226.86 0.00 0.00 46527.56 > [6,] 361529.73 332590.52 290298.04 45537.62 0.00 0.00 30213.17 > [7,] 419671.66 388545.58 346669.14 0.00 46527.56 30213.17 0.00 > [8,] 384593.29 354295.06 312351.76 16130.19 11926.86 0.00 0.00 > [9,] 262353.97 231217.73 189310.73 140455.97 0.00 64606.27 119564.00 > [10,] 71138.53 41943.71 0.00 330752.58 190183.42 252373.26 309863.33 24,33c24,33 < [1,] 384592.69 262354.14 71139.12 < [2,] 354294.05 231217.46 41943.86 < [3,] 312350.59 189310.29 0.00 < [4,] 16130.19 140455.85 330751.41 < [5,] 11926.78 0.00 190182.42 < [6,] 0.00 64606.20 252372.08 < [7,] 0.00 119563.76 309862.03 < [8,] 0.00 85533.06 275389.73 < [9,] 85533.06 0.00 152488.90 < [10,] 275389.73 152488.90 0.00 --- > [1,] 384593.29 262353.97 71138.53 > [2,] 354295.06 231217.73 41943.71 > [3,] 312351.76 189310.73 0.00 > [4,] 16130.19 140455.97 330752.58 > [5,] 11926.86 0.00 190183.42 > [6,] 0.00 64606.27 252373.26 > [7,] 0.00 119564.00 309863.33 > [8,] 0.00 85533.33 275391.07 > [9,] 85533.33 0.00 152489.45 > [10,] 275391.07 152489.45 0.00 Running ‘graticule.R’ Comparing ‘graticule.Rout’ to ‘graticule.Rout.save’ ... OK Running ‘grid.R’ Comparing ‘grid.Rout’ to ‘grid.Rout.save’ ... OK Running ‘maps.R’ Comparing ‘maps.Rout’ to ‘maps.Rout.save’ ... OK Running ‘plot.R’ [10s/11s] Comparing ‘plot.Rout’ to ‘plot.Rout.save’ ... OK Running ‘read.R’ Comparing ‘read.Rout’ to ‘read.Rout.save’ ... OK Running ‘roundtrip.R’ Comparing ‘roundtrip.Rout’ to ‘roundtrip.Rout.save’ ... OK Running ‘s2.R’ Comparing ‘s2.Rout’ to ‘s2.Rout.save’ ... OK Running ‘sample.R’ Comparing ‘sample.Rout’ to ‘sample.Rout.save’ ... OK Running ‘sfc.R’ [15s/15s] Comparing ‘sfc.Rout’ to ‘sfc.Rout.save’ ...614c614 < Bounding box: xmin: 406261.8 ymin: 48374.95 xmax: 3052888 ymax: 1044157 --- > Bounding box: xmin: 406265 ymin: 48359.7 xmax: 3052877 ymax: 1044143 629,633c629,633 < 1 10 1364 0 19 A 4 #fb80724d MULTIPOLYGON (((1270815 913... < 2 10 542 3 12 A 4 #fb80724d MULTIPOLYGON (((1340555 959... < 3 208 3616 6 260 A 5 #80b1d34d MULTIPOLYGON (((1570591 910... < 4 123 830 2 145 A 10 #bc80bd4d MULTIPOLYGON (((2881208 948... < 5 1066 1606 3 1197 A 8 #fccde54d MULTIPOLYGON (((2525701 911... --- > 1 10 1364 0 19 A 4 #fb80724d MULTIPOLYGON (((1270813 913... > 2 10 542 3 12 A 4 #fb80724d MULTIPOLYGON (((1340553 959... > 3 208 3616 6 260 A 5 #80b1d34d MULTIPOLYGON (((1570586 910... > 4 123 830 2 145 A 10 #bc80bd4d MULTIPOLYGON (((2881206 948... > 5 1066 1606 3 1197 A 8 #fccde54d MULTIPOLYGON (((2525700 911... 635,638c635,638 < 7 115 350 2 139 A 10 #bc80bd4d MULTIPOLYGON (((2881208 948... < 8 254 594 2 371 A 9 #d9d9d94d MULTIPOLYGON (((2717989 951... < 9 748 1190 2 844 A 8 #fccde54d MULTIPOLYGON (((2203890 914... < 10 160 2038 5 176 A 5 #80b1d34d MULTIPOLYGON (((1697623 911... --- > 7 115 350 2 139 A 10 #bc80bd4d MULTIPOLYGON (((2881206 948... > 8 254 594 2 371 A 9 #d9d9d94d MULTIPOLYGON (((2717988 951... > 9 748 1190 2 844 A 8 #fccde54d MULTIPOLYGON (((2203888 914... > 10 160 2038 5 176 A 5 #80b1d34d MULTIPOLYGON (((1697618 911... 721c721 < Bounding box: xmin: 1216510 ymin: 935867 xmax: 1428880 ymax: 1031510 --- > Bounding box: xmin: 1216510 ymin: 935852 xmax: 1428880 ymax: 1031490 724,728c724,728 < POINT (1264559 935867) < POINT (1256623 949384) < POINT (1222665 972639) < POINT (1333530 968278) < POINT (1310838 958645) --- > POINT (1264558 935852) > POINT (1256623 949369) > POINT (1222665 972624) > POINT (1333528 968263) > POINT (1310837 958630) 738c738 < Bounding box: xmin: -81.6893 ymin: 36.2492 xmax: -80.914 ymax: 36.5726 --- > Bounding box: xmin: -81.6893 ymin: 36.2491 xmax: -80.914 ymax: 36.5726 Running ‘sfg.R’ Comparing ‘sfg.Rout’ to ‘sfg.Rout.save’ ... OK Running ‘spatstat.R’ Comparing ‘spatstat.Rout’ to ‘spatstat.Rout.save’ ... OK Running ‘stars.R’ Comparing ‘stars.Rout’ to ‘stars.Rout.save’ ...282c282,285 < "nodata_value": 0 --- > "nodata_value": 0, > "structural_info": { > "COMPRESSOR": "{ \"blocksize\": 0, \"clevel\": 5, \"cname\": \"lz4\", \"id\": \"blosc\", \"shuffle\": 1 }" > } Running ‘testthat.R’ [20s/24s] Running ‘units.R’ Comparing ‘units.Rout’ to ‘units.Rout.save’ ... OK Running ‘wkb.R’ Comparing ‘wkb.Rout’ to ‘wkb.Rout.save’ ... OK Flavor: r-devel-linux-x86_64-fedora-gcc

Version: 1.0-22
Check: tests
Result: NOTE Running ‘aggregate.R’ [1s/1s] Comparing ‘aggregate.Rout’ to ‘aggregate.Rout.save’ ... OK Running ‘cast.R’ [1s/1s] Comparing ‘cast.Rout’ to ‘cast.Rout.save’ ... OK Running ‘crs.R’ [1s/1s] Comparing ‘crs.Rout’ to ‘crs.Rout.save’ ... OK Running ‘dist.R’ [1s/1s] Comparing ‘dist.Rout’ to ‘dist.Rout.save’ ... OK Running ‘dplyr.R’ [1s/1s] Comparing ‘dplyr.Rout’ to ‘dplyr.Rout.save’ ...125a126 > [1] 4 Running ‘empty.R’ [1s/1s] Comparing ‘empty.Rout’ to ‘empty.Rout.save’ ... OK Running ‘full.R’ [1s/1s] Comparing ‘full.Rout’ to ‘full.Rout.save’ ... OK Running ‘gdal_geom.R’ [1s/1s] Comparing ‘gdal_geom.Rout’ to ‘gdal_geom.Rout.save’ ... OK Running ‘geos.R’ [10s/11s] Comparing ‘geos.Rout’ to ‘geos.Rout.save’ ... OK Running ‘graticule.R’ [2s/2s] Comparing ‘graticule.Rout’ to ‘graticule.Rout.save’ ... OK Running ‘grid.R’ [1s/1s] Comparing ‘grid.Rout’ to ‘grid.Rout.save’ ... OK Running ‘maps.R’ [1s/1s] Comparing ‘maps.Rout’ to ‘maps.Rout.save’ ... OK Running ‘plot.R’ [4s/4s] Comparing ‘plot.Rout’ to ‘plot.Rout.save’ ... OK Running ‘read.R’ [1s/1s] Comparing ‘read.Rout’ to ‘read.Rout.save’ ...187,189c187,254 < Warning message: < In library(package, lib.loc = lib.loc, character.only = TRUE, logical.return = TRUE, : < there is no package called 'RSQLite' --- > Simple feature collection with 155 features and 13 fields > Geometry type: POINT > Dimension: XY > Bounding box: xmin: 178605 ymin: 329714 xmax: 181390 ymax: 333611 > CRS: NA > First 3 features: > ogc_fid cadmium copper lead zinc elev dist om ffreq soil lime > 1 1 11.7 85 299 1022 7.909 0.00135803 13.6 1 1 1 > 2 2 8.6 81 277 1141 6.983 0.01222430 14.0 1 1 1 > 3 3 6.5 68 199 640 7.800 0.10302900 13.0 1 1 1 > landuse dist.m GEOMETRY > 1 Ah 50 POINT (181072 333611) > 2 Ah 30 POINT (181025 333558) > 3 Ah 150 POINT (181165 333537) > Simple feature collection with 100 features and 15 fields > Geometry type: MULTIPOLYGON > Dimension: XY > Bounding box: xmin: -84.32385 ymin: 33.88199 xmax: -75.45698 ymax: 36.58965 > CRS: NA > First 3 features: > ogc_fid area perimeter cnty_ cnty_id name fips fipsno cress_id bir74 > 1 1 0.114 1.442 1825 1825 Ashe 37009 37009 5 1091 > 2 2 0.061 1.231 1827 1827 Alleghany 37005 37005 3 487 > 3 3 0.143 1.630 1828 1828 Surry 37171 37171 86 3188 > sid74 nwbir74 bir79 sid79 nwbir79 GEOMETRY > 1 1 10 1364 0 19 MULTIPOLYGON (((-81.47276 3... > 2 0 10 542 3 12 MULTIPOLYGON (((-81.23989 3... > 3 5 208 3616 6 260 MULTIPOLYGON (((-80.45634 3... > Integer64 values larger than 9.0072e+15 lost significance after conversion to double; > use argument int64_as_string = TRUE to import them lossless, as character > Simple feature collection with 1 feature and 2 fields > Geometry type: POINT > Dimension: XY > Bounding box: xmin: 0 ymin: 1 xmax: 0 ymax: 1 > CRS: NA > a bigint GEOMETRY > 1 1 4.611686e+18 POINT (0 1) > Simple feature collection with 1 feature and 2 fields > Geometry type: POINT > Dimension: XY > Bounding box: xmin: 0 ymin: 1 xmax: 0 ymax: 1 > CRS: NA > a bigint GEOMETRY > 1 1 4611686018427387904 POINT (0 1) > Simple feature collection with 10 features and 2 fields > Geometry type: LINESTRING > Dimension: XY > Bounding box: xmin: 645003 ymin: 4822568 xmax: 748805.6 ymax: 4992001 > Projected CRS: WGS 84 / UTM zone 32N > First 1 features: > PK_UID Name Geometry > 1 1 Unknown LINESTRING (668540.7 485826... > Simple feature collection with 8101 features and 6 fields > Geometry type: POINT > Dimension: XY > Bounding box: xmin: 319224 ymin: 3934674 xmax: 1308585 ymax: 5214373 > Projected CRS: WGS 84 / UTM zone 32N > First 1 features: > PK_UID Name Peoples LocalCounc County Region Geometry > 1 1 Brozolo 435 1 0 0 POINT (427002.8 4996361) > Simple feature collection with 10 features and 2 fields > Geometry type: MULTIPOLYGON > Dimension: XY > Bounding box: xmin: 378359.8 ymin: 4198234 xmax: 1211486 ymax: 5036803 > Projected CRS: WGS 84 / UTM zone 32N > First 1 features: > PK_UID Name Geometry > 1 1 VENETO MULTIPOLYGON (((752912.3 50... Running ‘roundtrip.R’ [1s/1s] Comparing ‘roundtrip.Rout’ to ‘roundtrip.Rout.save’ ... OK Running ‘s2.R’ [1s/1s] Comparing ‘s2.Rout’ to ‘s2.Rout.save’ ... OK Running ‘sample.R’ [0s/1s] Comparing ‘sample.Rout’ to ‘sample.Rout.save’ ... OK Running ‘sfc.R’ [6s/6s] Comparing ‘sfc.Rout’ to ‘sfc.Rout.save’ ... OK Running ‘sfg.R’ [0s/0s] Comparing ‘sfg.Rout’ to ‘sfg.Rout.save’ ... OK Running ‘spatstat.R’ [2s/2s] Comparing ‘spatstat.Rout’ to ‘spatstat.Rout.save’ ... OK Running ‘stars.R’ [2s/2s] Comparing ‘stars.Rout’ to ‘stars.Rout.save’ ...282c282,285 < "nodata_value": 0 --- > "nodata_value": 0, > "structural_info": { > "COMPRESSOR": "{ \"blocksize\": 0, \"clevel\": 5, \"cname\": \"lz4\", \"id\": \"blosc\", \"shuffle\": 1 }" > } Running ‘testthat.R’ [8s/8s] Running ‘units.R’ [1s/1s] Comparing ‘units.Rout’ to ‘units.Rout.save’ ... OK Running ‘wkb.R’ [0s/0s] Comparing ‘wkb.Rout’ to ‘wkb.Rout.save’ ... OK Flavor: r-release-macos-arm64

Version: 1.0-22
Check: tests
Result: NOTE Running ‘aggregate.R’ [1s/1s] Comparing ‘aggregate.Rout’ to ‘aggregate.Rout.save’ ... OK Running ‘cast.R’ [2s/2s] Comparing ‘cast.Rout’ to ‘cast.Rout.save’ ... OK Running ‘crs.R’ [1s/1s] Comparing ‘crs.Rout’ to ‘crs.Rout.save’ ... OK Running ‘dist.R’ [1s/2s] Comparing ‘dist.Rout’ to ‘dist.Rout.save’ ... OK Running ‘dplyr.R’ [3s/5s] Comparing ‘dplyr.Rout’ to ‘dplyr.Rout.save’ ... OK Running ‘empty.R’ [1s/2s] Comparing ‘empty.Rout’ to ‘empty.Rout.save’ ... OK Running ‘full.R’ [1s/2s] Comparing ‘full.Rout’ to ‘full.Rout.save’ ... OK Running ‘gdal_geom.R’ [2s/3s] Comparing ‘gdal_geom.Rout’ to ‘gdal_geom.Rout.save’ ... OK Running ‘geos.R’ [21s/67s] Comparing ‘geos.Rout’ to ‘geos.Rout.save’ ... OK Running ‘graticule.R’ [3s/6s] Comparing ‘graticule.Rout’ to ‘graticule.Rout.save’ ... OK Running ‘grid.R’ [1s/2s] Comparing ‘grid.Rout’ to ‘grid.Rout.save’ ... OK Running ‘maps.R’ [2s/3s] Comparing ‘maps.Rout’ to ‘maps.Rout.save’ ... OK Running ‘plot.R’ [8s/15s] Comparing ‘plot.Rout’ to ‘plot.Rout.save’ ... OK Running ‘read.R’ [2s/3s] Comparing ‘read.Rout’ to ‘read.Rout.save’ ...187,189c187,254 < Warning message: < In library(package, lib.loc = lib.loc, character.only = TRUE, logical.return = TRUE, : < there is no package called 'RSQLite' --- > Simple feature collection with 155 features and 13 fields > Geometry type: POINT > Dimension: XY > Bounding box: xmin: 178605 ymin: 329714 xmax: 181390 ymax: 333611 > CRS: NA > First 3 features: > ogc_fid cadmium copper lead zinc elev dist om ffreq soil lime > 1 1 11.7 85 299 1022 7.909 0.00135803 13.6 1 1 1 > 2 2 8.6 81 277 1141 6.983 0.01222430 14.0 1 1 1 > 3 3 6.5 68 199 640 7.800 0.10302900 13.0 1 1 1 > landuse dist.m GEOMETRY > 1 Ah 50 POINT (181072 333611) > 2 Ah 30 POINT (181025 333558) > 3 Ah 150 POINT (181165 333537) > Simple feature collection with 100 features and 15 fields > Geometry type: MULTIPOLYGON > Dimension: XY > Bounding box: xmin: -84.32385 ymin: 33.88199 xmax: -75.45698 ymax: 36.58965 > CRS: NA > First 3 features: > ogc_fid area perimeter cnty_ cnty_id name fips fipsno cress_id bir74 > 1 1 0.114 1.442 1825 1825 Ashe 37009 37009 5 1091 > 2 2 0.061 1.231 1827 1827 Alleghany 37005 37005 3 487 > 3 3 0.143 1.630 1828 1828 Surry 37171 37171 86 3188 > sid74 nwbir74 bir79 sid79 nwbir79 GEOMETRY > 1 1 10 1364 0 19 MULTIPOLYGON (((-81.47276 3... > 2 0 10 542 3 12 MULTIPOLYGON (((-81.23989 3... > 3 5 208 3616 6 260 MULTIPOLYGON (((-80.45634 3... > Integer64 values larger than 9.0072e+15 lost significance after conversion to double; > use argument int64_as_string = TRUE to import them lossless, as character > Simple feature collection with 1 feature and 2 fields > Geometry type: POINT > Dimension: XY > Bounding box: xmin: 0 ymin: 1 xmax: 0 ymax: 1 > CRS: NA > a bigint GEOMETRY > 1 1 4.611686e+18 POINT (0 1) > Simple feature collection with 1 feature and 2 fields > Geometry type: POINT > Dimension: XY > Bounding box: xmin: 0 ymin: 1 xmax: 0 ymax: 1 > CRS: NA > a bigint GEOMETRY > 1 1 4611686018427387904 POINT (0 1) > Simple feature collection with 10 features and 2 fields > Geometry type: LINESTRING > Dimension: XY > Bounding box: xmin: 645003 ymin: 4822568 xmax: 748805.6 ymax: 4992001 > Projected CRS: WGS 84 / UTM zone 32N > First 1 features: > PK_UID Name Geometry > 1 1 Unknown LINESTRING (668540.7 485826... > Simple feature collection with 8101 features and 6 fields > Geometry type: POINT > Dimension: XY > Bounding box: xmin: 319224 ymin: 3934674 xmax: 1308585 ymax: 5214373 > Projected CRS: WGS 84 / UTM zone 32N > First 1 features: > PK_UID Name Peoples LocalCounc County Region Geometry > 1 1 Brozolo 435 1 0 0 POINT (427002.8 4996361) > Simple feature collection with 10 features and 2 fields > Geometry type: MULTIPOLYGON > Dimension: XY > Bounding box: xmin: 378359.8 ymin: 4198234 xmax: 1211486 ymax: 5036803 > Projected CRS: WGS 84 / UTM zone 32N > First 1 features: > PK_UID Name Geometry > 1 1 VENETO MULTIPOLYGON (((752912.3 50... Running ‘roundtrip.R’ [2s/3s] Comparing ‘roundtrip.Rout’ to ‘roundtrip.Rout.save’ ... OK Running ‘s2.R’ [2s/3s] Comparing ‘s2.Rout’ to ‘s2.Rout.save’ ... OK Running ‘sample.R’ [1s/1s] Comparing ‘sample.Rout’ to ‘sample.Rout.save’ ... OK Running ‘sfc.R’ [11s/18s] Comparing ‘sfc.Rout’ to ‘sfc.Rout.save’ ... OK Running ‘sfg.R’ [1s/1s] Comparing ‘sfg.Rout’ to ‘sfg.Rout.save’ ... OK Running ‘spatstat.R’ [3s/5s] Comparing ‘spatstat.Rout’ to ‘spatstat.Rout.save’ ... OK Running ‘stars.R’ [3s/5s] Comparing ‘stars.Rout’ to ‘stars.Rout.save’ ...282c282,285 < "nodata_value": 0 --- > "nodata_value": 0, > "structural_info": { > "COMPRESSOR": "{ \"blocksize\": 0, \"clevel\": 5, \"cname\": \"lz4\", \"id\": \"blosc\", \"shuffle\": 1 }" > } Running ‘testthat.R’ [15s/24s] Running ‘units.R’ [1s/1s] Comparing ‘units.Rout’ to ‘units.Rout.save’ ... OK Running ‘wkb.R’ [1s/1s] Comparing ‘wkb.Rout’ to ‘wkb.Rout.save’ ... OK Flavor: r-release-macos-x86_64

Version: 1.0-22
Check: installed package size
Result: NOTE installed size is 81.8Mb sub-directories of 1Mb or more: doc 12.6Mb libs 64.5Mb sqlite 1.5Mb Flavors: r-oldrel-macos-arm64, r-oldrel-macos-x86_64

Version: 1.0-21
Check: installed package size
Result: NOTE installed size is 113.1Mb sub-directories of 1Mb or more: doc 2.2Mb gdal 3.0Mb libs 94.2Mb proj 9.0Mb sqlite 1.5Mb Flavor: r-oldrel-windows-x86_64