Last updated on 2025-10-31 01:49:13 CET.
| Flavor | Version | Tinstall | Tcheck | Ttotal | Status | Flags | 
|---|---|---|---|---|---|---|
| r-devel-linux-x86_64-debian-clang | 0.6-0 | 3.11 | 50.71 | 53.82 | NOTE | |
| r-devel-linux-x86_64-debian-gcc | 0.6-0 | 2.70 | 35.11 | 37.81 | NOTE | |
| r-devel-linux-x86_64-fedora-clang | 0.6-0 | 86.41 | NOTE | |||
| r-devel-linux-x86_64-fedora-gcc | 0.6-0 | 82.22 | NOTE | |||
| r-devel-windows-x86_64 | 0.6-0 | 5.00 | 67.00 | 72.00 | NOTE | |
| r-patched-linux-x86_64 | 0.6-0 | 4.33 | 48.74 | 53.07 | NOTE | |
| r-release-linux-x86_64 | 0.6-0 | 3.47 | 47.47 | 50.94 | NOTE | |
| r-release-macos-arm64 | 0.6-0 | 2.00 | 26.00 | 28.00 | NOTE | |
| r-release-macos-x86_64 | 0.6-0 | 3.00 | 47.00 | 50.00 | NOTE | |
| r-release-windows-x86_64 | 0.6-0 | 5.00 | 69.00 | 74.00 | NOTE | |
| r-oldrel-macos-arm64 | 0.6-0 | 2.00 | 25.00 | 27.00 | NOTE | |
| r-oldrel-macos-x86_64 | 0.6-0 | 3.00 | 35.00 | 38.00 | NOTE | |
| r-oldrel-windows-x86_64 | 0.6-0 | 6.00 | 83.00 | 89.00 | NOTE | 
Version: 0.6-0
Check: CRAN incoming feasibility
Result: NOTE
  Maintainer: ‘Gregory Vaughan <gvaughan@bentley.edu>’
  
  No Authors@R field in DESCRIPTION.
  Please add one, modifying
    Authors@R: c(person(given = "Gregory",
                        family = "Vaughan",
                        role = c("aut", "cre"),
                        email = "gvaughan@bentley.edu"),
                 person(given = "Kun",
                        family = "Chen",
                        role = "ctb"),
                 person(given = "Jun",
                        family = "Yan",
                        role = "ctb"))
  as necessary.
Flavors: r-devel-linux-x86_64-debian-clang, r-devel-linux-x86_64-debian-gcc
Version: 0.6-0
Check: Rd files
Result: NOTE
  checkRd: (-1) bisee.Rd:127: Lost braces
     127 | values including \code{x}, \code{y}, code{family}, \code{clusterID},
         |                                          ^
  checkRd: (-1) hisee.Rd:101: Lost braces
     101 | values including \code{x}, \code{y}, code{family}, \code{clusterID},
         |                                          ^
  checkRd: (-1) isee.Rd:116: Lost braces
     116 | values including \code{x}, \code{y}, code{family}, \code{clusterID},
         |                                          ^
  checkRd: (-1) see.Rd:98: Lost braces
      98 | values including \code{x}, \code{y}, code{family}, \code{clusterID},
         |                                          ^
Flavors: r-devel-linux-x86_64-debian-clang, r-devel-linux-x86_64-debian-gcc, r-devel-linux-x86_64-fedora-clang, r-devel-linux-x86_64-fedora-gcc, r-devel-windows-x86_64, r-patched-linux-x86_64, r-release-linux-x86_64, r-release-macos-arm64, r-release-macos-x86_64, r-release-windows-x86_64, r-oldrel-macos-arm64, r-oldrel-macos-x86_64, r-oldrel-windows-x86_64