Last updated on 2025-02-20 01:50:47 CET.
Flavor | Version | Tinstall | Tcheck | Ttotal | Status | Flags |
---|---|---|---|---|---|---|
r-devel-linux-x86_64-debian-clang | 0.1.3 | 9.14 | 82.08 | 91.22 | OK | |
r-devel-linux-x86_64-debian-gcc | 0.1.3 | 5.75 | 59.67 | 65.42 | OK | |
r-devel-linux-x86_64-fedora-clang | 0.1.3 | 154.65 | OK | |||
r-devel-linux-x86_64-fedora-gcc | 0.1.3 | 149.29 | OK | |||
r-devel-macos-arm64 | 0.1.3 | 52.00 | OK | |||
r-devel-macos-x86_64 | 0.1.3 | 101.00 | OK | |||
r-devel-windows-x86_64 | 0.1.3 | 10.00 | 124.00 | 134.00 | OK | |
r-patched-linux-x86_64 | 0.1.3 | 7.47 | 76.33 | 83.80 | NOTE | |
r-release-linux-x86_64 | 0.1.3 | 8.25 | 75.63 | 83.88 | NOTE | |
r-release-macos-arm64 | 0.1.3 | 49.00 | NOTE | |||
r-release-macos-x86_64 | 0.1.3 | 76.00 | NOTE | |||
r-release-windows-x86_64 | 0.1.3 | 10.00 | 129.00 | 139.00 | NOTE | |
r-oldrel-macos-arm64 | 0.1.3 | 51.00 | NOTE | |||
r-oldrel-macos-x86_64 | 0.1.3 | 85.00 | NOTE | |||
r-oldrel-windows-x86_64 | 0.1.3 | 13.00 | 131.00 | 144.00 | NOTE |
Version: 0.1.3
Check: LazyData
Result: NOTE
'LazyData' is specified without a 'data' directory
Flavors: r-patched-linux-x86_64, r-release-linux-x86_64, r-release-macos-arm64, r-release-macos-x86_64, r-release-windows-x86_64, r-oldrel-macos-arm64, r-oldrel-macos-x86_64, r-oldrel-windows-x86_64