Last updated on 2025-10-31 01:49:13 CET.
| Flavor | Version | Tinstall | Tcheck | Ttotal | Status | Flags | 
|---|---|---|---|---|---|---|
| r-devel-linux-x86_64-debian-clang | 1.4 | 2.81 | 21.67 | 24.48 | NOTE | |
| r-devel-linux-x86_64-debian-gcc | 1.4 | 2.18 | 17.90 | 20.08 | NOTE | |
| r-devel-linux-x86_64-fedora-clang | 1.4 | 35.82 | OK | |||
| r-devel-linux-x86_64-fedora-gcc | 1.4 | 34.19 | OK | |||
| r-devel-windows-x86_64 | 1.4 | 6.00 | 44.00 | 50.00 | OK | |
| r-patched-linux-x86_64 | 1.4 | 2.37 | 20.44 | 22.81 | OK | |
| r-release-linux-x86_64 | 1.4 | 2.44 | 20.21 | 22.65 | OK | |
| r-release-macos-arm64 | 1.4 | 3.00 | 15.00 | 18.00 | OK | |
| r-release-macos-x86_64 | 1.4 | 4.00 | 23.00 | 27.00 | OK | |
| r-release-windows-x86_64 | 1.4 | 7.00 | 47.00 | 54.00 | OK | |
| r-oldrel-macos-arm64 | 1.4 | 2.00 | 15.00 | 17.00 | OK | |
| r-oldrel-macos-x86_64 | 1.4 | 3.00 | 20.00 | 23.00 | OK | |
| r-oldrel-windows-x86_64 | 1.4 | 6.00 | 49.00 | 55.00 | OK | 
Version: 1.4
Check: CRAN incoming feasibility
Result: NOTE
  Maintainer: ‘W.J. Braun <john.braun@ubc.ca>’
  
  No Authors@R field in DESCRIPTION.
  Please add one, modifying
    Authors@R: c(person(given = c("W.", "John"),
                        family = "Braun",
                        role = "aut",
                        email = "john.braun@ubc.ca"),
                 person(given = "W.J.",
                        family = "Braun",
                        role = "cre",
                        email = "john.braun@ubc.ca"))
  as necessary.
Flavors: r-devel-linux-x86_64-debian-clang, r-devel-linux-x86_64-debian-gcc