CRAN Package Check Results for Package shinyMolBio

Last updated on 2025-05-10 01:51:37 CEST.

Flavor Version Tinstall Tcheck Ttotal Status Flags
r-devel-linux-x86_64-debian-clang 0.2 8.76 66.15 74.91 OK
r-devel-linux-x86_64-debian-gcc 0.2 6.43 47.49 53.92 OK
r-devel-linux-x86_64-fedora-clang 0.2 116.64 OK
r-devel-linux-x86_64-fedora-gcc 0.2 108.98 OK
r-devel-windows-x86_64 0.2 10.00 75.00 85.00 OK
r-patched-linux-x86_64 0.2 8.85 61.98 70.83 OK
r-release-linux-x86_64 0.2 8.82 62.44 71.26 OK
r-release-macos-arm64 0.2 38.00 OK
r-release-macos-x86_64 0.2 57.00 OK
r-release-windows-x86_64 0.2 10.00 76.00 86.00 OK
r-oldrel-macos-arm64 0.2 32.00 NOTE
r-oldrel-macos-x86_64 0.2 47.00 NOTE
r-oldrel-windows-x86_64 0.2 13.00 96.00 109.00 NOTE

Check Details

Version: 0.2
Check: LazyData
Result: NOTE 'LazyData' is specified without a 'data' directory Flavors: r-oldrel-macos-arm64, r-oldrel-macos-x86_64, r-oldrel-windows-x86_64