Last updated on 2025-02-17 01:50:38 CET.
Flavor | Version | Tinstall | Tcheck | Ttotal | Status | Flags |
---|---|---|---|---|---|---|
r-devel-linux-x86_64-debian-clang | 2.1.0 | 2.52 | 31.84 | 34.36 | NOTE | |
r-devel-linux-x86_64-debian-gcc | 2.1.0 | 1.94 | 24.76 | 26.70 | NOTE | |
r-devel-linux-x86_64-fedora-clang | 2.1.0 | 60.34 | NOTE | |||
r-devel-linux-x86_64-fedora-gcc | 2.1.0 | 68.74 | NOTE | |||
r-devel-macos-arm64 | 2.1.0 | 36.00 | NOTE | |||
r-devel-macos-x86_64 | 2.1.0 | 56.00 | NOTE | |||
r-devel-windows-x86_64 | 2.1.0 | 4.00 | 67.00 | 71.00 | NOTE | |
r-patched-linux-x86_64 | 2.1.0 | 3.09 | 30.40 | 33.49 | NOTE | |
r-release-linux-x86_64 | 2.1.0 | 2.30 | 30.30 | 32.60 | NOTE | |
r-release-macos-arm64 | 2.1.0 | 37.00 | NOTE | |||
r-release-macos-x86_64 | 2.1.0 | 53.00 | NOTE | |||
r-release-windows-x86_64 | 2.1.0 | 5.00 | 63.00 | 68.00 | NOTE | |
r-oldrel-macos-arm64 | 2.1.0 | 35.00 | OK | |||
r-oldrel-macos-x86_64 | 2.1.0 | 46.00 | OK | |||
r-oldrel-windows-x86_64 | 2.1.0 | 5.00 | 60.00 | 65.00 | OK |
Version: 2.1.0
Check: Rd files
Result: NOTE
checkRd: (-1) shinyjs-defunct.Rd:18: Lost braces in \itemize; meant \describe ?
checkRd: (-1) shinyjs-defunct.Rd:19: Lost braces in \itemize; meant \describe ?
checkRd: (-1) shinyjs-defunct.Rd:20: Lost braces in \itemize; meant \describe ?
Flavors: r-devel-linux-x86_64-debian-clang, r-devel-linux-x86_64-debian-gcc, r-devel-linux-x86_64-fedora-clang, r-devel-linux-x86_64-fedora-gcc, r-devel-macos-arm64, r-devel-macos-x86_64, r-devel-windows-x86_64, r-patched-linux-x86_64, r-release-linux-x86_64, r-release-macos-arm64, r-release-macos-x86_64, r-release-windows-x86_64